{"id":63,"date":"2017-04-24T16:16:41","date_gmt":"2017-04-24T16:16:41","guid":{"rendered":"http:\/\/kinademo.tk\/matildevicenzi\/?post_type=matilde-mag&amp;p=63"},"modified":"2017-04-24T16:16:41","modified_gmt":"2017-04-24T16:16:41","slug":"vicenzi-group-for-arena-foundation-the-show-lights-up","status":"publish","type":"matilde-mag","link":"https:\/\/www.matildevicenzi.com\/de\/matilde-mag\/vicenzi-group-for-arena-foundation-the-show-lights-up\/","title":{"rendered":"Die vicenzi group f\u00fcr die Arena stiftung: die show leuchtet"},"content":{"rendered":"<p>Als am 10. August 1913 zum ersten Mal die ber\u00fchmte Oper \u201eAida\u201c in der Arena von Verona aufgef\u00fchrt wurde, entz\u00fcndeten die Zuschauer spontan Tausende von Kerzen, um das Libretto mitzulesen \u2013 die Stimmung war einfach \u00fcberw\u00e4ltigend ...<\/p>\n<p>Im Jahr 1986 beschloss Giuseppe Vicenzi, dass diese alte Tradition nicht durch die elektrische Beleuchtung verloren gehen durfte.<br \/>\nSo wurde die drei\u00dfigj\u00e4hrige Zusammenarbeit der Stiftung der Arena mit Vicenzi geboren.<\/p>\n<p>Sie erneuert sich jedes Jahr durch Tausende von Kerzen, die den Zuschauern \u00fcbergeben werden und mit denen die Opernauff\u00fchrungen w\u00e4hrend der Spielzeit als ein Zeichen f\u00fcr gute W\u00fcnsche er\u00f6ffnet werden \u2013 ein Spektakel im Spektakel, das das Symbol von Verona erhellt.<\/p>\n","protected":false},"excerpt":{"rendered":"<p>Als am 10. August 1913 zum ersten Mal die ber\u00fchmte Oper \u201eAida\u201c in der Arena von Verona aufgef\u00fchrt wurde, entz\u00fcndeten die Zuschauer spontan Tausende von Kerzen, um das Libretto mitzulesen \u2013 die Stimmung war einfach \u00fcberw\u00e4ltigend ... Im Jahr 1986 beschloss Giuseppe Vicenzi, dass diese alte Tradition nicht durch die elektrische Beleuchtung verloren gehen durfte. [&hellip;]<\/p>\n","protected":false},"featured_media":8283,"template":"","meta":{"_acf_changed":false,"inline_featured_image":false,"footnotes":""},"categoria_mag":[8],"class_list":["post-63","matilde-mag","type-matilde-mag","status-publish","has-post-thumbnail","hentry","categoria_mag-nachrichten-und-events"],"acf":[],"yoast_head":"<!-- This site is optimized with the Yoast SEO plugin v26.2 - https:\/\/yoast.com\/wordpress\/plugins\/seo\/ -->\n<title>Die vicenzi group f\u00fcr die Arena stiftung: die show leuchtet | Matilde Vicenzi S.p.A.<\/title>\n<meta name=\"robots\" content=\"index, follow, max-snippet:-1, max-image-preview:large, max-video-preview:-1\" \/>\n<link rel=\"canonical\" href=\"https:\/\/www.matildevicenzi.com\/de\/matilde-mag\/vicenzi-group-for-arena-foundation-the-show-lights-up\/\" \/>\n<meta property=\"og:locale\" content=\"en_US\" \/>\n<meta property=\"og:type\" content=\"article\" \/>\n<meta property=\"og:title\" content=\"Die vicenzi group f\u00fcr die Arena stiftung: die show leuchtet | Matilde Vicenzi S.p.A.\" \/>\n<meta property=\"og:description\" content=\"Als am 10. August 1913 zum ersten Mal die ber\u00fchmte Oper \u201eAida\u201c in der Arena von Verona aufgef\u00fchrt wurde, entz\u00fcndeten die Zuschauer spontan Tausende von Kerzen, um das Libretto mitzulesen \u2013 die Stimmung war einfach \u00fcberw\u00e4ltigend ... Im Jahr 1986 beschloss Giuseppe Vicenzi, dass diese alte Tradition nicht durch die elektrische Beleuchtung verloren gehen durfte. [&hellip;]\" \/>\n<meta property=\"og:url\" content=\"https:\/\/www.matildevicenzi.com\/de\/matilde-mag\/vicenzi-group-for-arena-foundation-the-show-lights-up\/\" \/>\n<meta property=\"og:site_name\" content=\"Matilde Vicenzi S.p.A.\" \/>\n<meta property=\"og:image\" content=\"https:\/\/www.matildevicenzi.com\/de\/wp-content\/uploads\/sites\/2\/2017\/04\/arena-di-verona.jpg\" \/>\n\t<meta property=\"og:image:width\" content=\"2000\" \/>\n\t<meta property=\"og:image:height\" content=\"1335\" \/>\n\t<meta property=\"og:image:type\" content=\"image\/jpeg\" \/>\n<meta name=\"twitter:card\" content=\"summary_large_image\" \/>\n<meta name=\"twitter:label1\" content=\"Est. reading time\" \/>\n\t<meta name=\"twitter:data1\" content=\"1 minute\" \/>\n<script type=\"application\/ld+json\" class=\"yoast-schema-graph\">{\"@context\":\"https:\/\/schema.org\",\"@graph\":[{\"@type\":\"WebPage\",\"@id\":\"https:\/\/www.matildevicenzi.com\/de\/matilde-mag\/vicenzi-group-for-arena-foundation-the-show-lights-up\/\",\"url\":\"https:\/\/www.matildevicenzi.com\/de\/matilde-mag\/vicenzi-group-for-arena-foundation-the-show-lights-up\/\",\"name\":\"Die vicenzi group f\u00fcr die Arena stiftung: die show leuchtet | Matilde Vicenzi S.p.A.\",\"isPartOf\":{\"@id\":\"https:\/\/www.matildevicenzi.com\/de\/#website\"},\"primaryImageOfPage\":{\"@id\":\"https:\/\/www.matildevicenzi.com\/de\/matilde-mag\/vicenzi-group-for-arena-foundation-the-show-lights-up\/#primaryimage\"},\"image\":{\"@id\":\"https:\/\/www.matildevicenzi.com\/de\/matilde-mag\/vicenzi-group-for-arena-foundation-the-show-lights-up\/#primaryimage\"},\"thumbnailUrl\":\"https:\/\/www.matildevicenzi.com\/de\/wp-content\/uploads\/sites\/2\/2017\/04\/arena-di-verona.jpg\",\"datePublished\":\"2017-04-24T16:16:41+00:00\",\"breadcrumb\":{\"@id\":\"https:\/\/www.matildevicenzi.com\/de\/matilde-mag\/vicenzi-group-for-arena-foundation-the-show-lights-up\/#breadcrumb\"},\"inLanguage\":\"en-US\",\"potentialAction\":[{\"@type\":\"ReadAction\",\"target\":[\"https:\/\/www.matildevicenzi.com\/de\/matilde-mag\/vicenzi-group-for-arena-foundation-the-show-lights-up\/\"]}]},{\"@type\":\"ImageObject\",\"inLanguage\":\"en-US\",\"@id\":\"https:\/\/www.matildevicenzi.com\/de\/matilde-mag\/vicenzi-group-for-arena-foundation-the-show-lights-up\/#primaryimage\",\"url\":\"https:\/\/www.matildevicenzi.com\/de\/wp-content\/uploads\/sites\/2\/2017\/04\/arena-di-verona.jpg\",\"contentUrl\":\"https:\/\/www.matildevicenzi.com\/de\/wp-content\/uploads\/sites\/2\/2017\/04\/arena-di-verona.jpg\",\"width\":2000,\"height\":1335},{\"@type\":\"BreadcrumbList\",\"@id\":\"https:\/\/www.matildevicenzi.com\/de\/matilde-mag\/vicenzi-group-for-arena-foundation-the-show-lights-up\/#breadcrumb\",\"itemListElement\":[{\"@type\":\"ListItem\",\"position\":1,\"name\":\"Home\",\"item\":\"https:\/\/www.matildevicenzi.com\/de\/\"},{\"@type\":\"ListItem\",\"position\":2,\"name\":\"Matilde Mag\",\"item\":\"https:\/\/www.matildevicenzi.com\/de\/matilde-mag\/\"},{\"@type\":\"ListItem\",\"position\":3,\"name\":\"Die vicenzi group f\u00fcr die Arena stiftung: die show leuchtet\"}]},{\"@type\":\"WebSite\",\"@id\":\"https:\/\/www.matildevicenzi.com\/de\/#website\",\"url\":\"https:\/\/www.matildevicenzi.com\/de\/\",\"name\":\"Matilde Vicenzi S.p.A.\",\"description\":\"Italienisches Feingeb\u00e4ckseit 1905\",\"publisher\":{\"@id\":\"https:\/\/www.matildevicenzi.com\/de\/#organization\"},\"potentialAction\":[{\"@type\":\"SearchAction\",\"target\":{\"@type\":\"EntryPoint\",\"urlTemplate\":\"https:\/\/www.matildevicenzi.com\/de\/?s={search_term_string}\"},\"query-input\":{\"@type\":\"PropertyValueSpecification\",\"valueRequired\":true,\"valueName\":\"search_term_string\"}}],\"inLanguage\":\"en-US\"},{\"@type\":\"Organization\",\"@id\":\"https:\/\/www.matildevicenzi.com\/de\/#organization\",\"name\":\"Matilde Vicenzi S.p.A.\",\"url\":\"https:\/\/www.matildevicenzi.com\/de\/\",\"logo\":{\"@type\":\"ImageObject\",\"inLanguage\":\"en-US\",\"@id\":\"https:\/\/www.matildevicenzi.com\/de\/#\/schema\/logo\/image\/\",\"url\":\"https:\/\/www.matildevicenzi.com\/de\/wp-content\/uploads\/sites\/2\/2023\/06\/matilde_logo_new.png\",\"contentUrl\":\"https:\/\/www.matildevicenzi.com\/de\/wp-content\/uploads\/sites\/2\/2023\/06\/matilde_logo_new.png\",\"width\":606,\"height\":606,\"caption\":\"Matilde Vicenzi S.p.A.\"},\"image\":{\"@id\":\"https:\/\/www.matildevicenzi.com\/de\/#\/schema\/logo\/image\/\"}}]}<\/script>\n<!-- \/ Yoast SEO plugin. -->","yoast_head_json":{"title":"Die vicenzi group f\u00fcr die Arena stiftung: die show leuchtet | Matilde Vicenzi S.p.A.","robots":{"index":"index","follow":"follow","max-snippet":"max-snippet:-1","max-image-preview":"max-image-preview:large","max-video-preview":"max-video-preview:-1"},"canonical":"https:\/\/www.matildevicenzi.com\/de\/matilde-mag\/vicenzi-group-for-arena-foundation-the-show-lights-up\/","og_locale":"en_US","og_type":"article","og_title":"Die vicenzi group f\u00fcr die Arena stiftung: die show leuchtet | Matilde Vicenzi S.p.A.","og_description":"Als am 10. August 1913 zum ersten Mal die ber\u00fchmte Oper \u201eAida\u201c in der Arena von Verona aufgef\u00fchrt wurde, entz\u00fcndeten die Zuschauer spontan Tausende von Kerzen, um das Libretto mitzulesen \u2013 die Stimmung war einfach \u00fcberw\u00e4ltigend ... Im Jahr 1986 beschloss Giuseppe Vicenzi, dass diese alte Tradition nicht durch die elektrische Beleuchtung verloren gehen durfte. [&hellip;]","og_url":"https:\/\/www.matildevicenzi.com\/de\/matilde-mag\/vicenzi-group-for-arena-foundation-the-show-lights-up\/","og_site_name":"Matilde Vicenzi S.p.A.","og_image":[{"width":2000,"height":1335,"url":"https:\/\/www.matildevicenzi.com\/de\/wp-content\/uploads\/sites\/2\/2017\/04\/arena-di-verona.jpg","type":"image\/jpeg"}],"twitter_card":"summary_large_image","twitter_misc":{"Est. reading time":"1 minute"},"schema":{"@context":"https:\/\/schema.org","@graph":[{"@type":"WebPage","@id":"https:\/\/www.matildevicenzi.com\/de\/matilde-mag\/vicenzi-group-for-arena-foundation-the-show-lights-up\/","url":"https:\/\/www.matildevicenzi.com\/de\/matilde-mag\/vicenzi-group-for-arena-foundation-the-show-lights-up\/","name":"Die vicenzi group f\u00fcr die Arena stiftung: die show leuchtet | Matilde Vicenzi S.p.A.","isPartOf":{"@id":"https:\/\/www.matildevicenzi.com\/de\/#website"},"primaryImageOfPage":{"@id":"https:\/\/www.matildevicenzi.com\/de\/matilde-mag\/vicenzi-group-for-arena-foundation-the-show-lights-up\/#primaryimage"},"image":{"@id":"https:\/\/www.matildevicenzi.com\/de\/matilde-mag\/vicenzi-group-for-arena-foundation-the-show-lights-up\/#primaryimage"},"thumbnailUrl":"https:\/\/www.matildevicenzi.com\/de\/wp-content\/uploads\/sites\/2\/2017\/04\/arena-di-verona.jpg","datePublished":"2017-04-24T16:16:41+00:00","breadcrumb":{"@id":"https:\/\/www.matildevicenzi.com\/de\/matilde-mag\/vicenzi-group-for-arena-foundation-the-show-lights-up\/#breadcrumb"},"inLanguage":"en-US","potentialAction":[{"@type":"ReadAction","target":["https:\/\/www.matildevicenzi.com\/de\/matilde-mag\/vicenzi-group-for-arena-foundation-the-show-lights-up\/"]}]},{"@type":"ImageObject","inLanguage":"en-US","@id":"https:\/\/www.matildevicenzi.com\/de\/matilde-mag\/vicenzi-group-for-arena-foundation-the-show-lights-up\/#primaryimage","url":"https:\/\/www.matildevicenzi.com\/de\/wp-content\/uploads\/sites\/2\/2017\/04\/arena-di-verona.jpg","contentUrl":"https:\/\/www.matildevicenzi.com\/de\/wp-content\/uploads\/sites\/2\/2017\/04\/arena-di-verona.jpg","width":2000,"height":1335},{"@type":"BreadcrumbList","@id":"https:\/\/www.matildevicenzi.com\/de\/matilde-mag\/vicenzi-group-for-arena-foundation-the-show-lights-up\/#breadcrumb","itemListElement":[{"@type":"ListItem","position":1,"name":"Home","item":"https:\/\/www.matildevicenzi.com\/de\/"},{"@type":"ListItem","position":2,"name":"Matilde Mag","item":"https:\/\/www.matildevicenzi.com\/de\/matilde-mag\/"},{"@type":"ListItem","position":3,"name":"Die vicenzi group f\u00fcr die Arena stiftung: die show leuchtet"}]},{"@type":"WebSite","@id":"https:\/\/www.matildevicenzi.com\/de\/#website","url":"https:\/\/www.matildevicenzi.com\/de\/","name":"Matilde Vicenzi S.p.A.","description":"Italienisches Feingeb\u00e4ckseit 1905","publisher":{"@id":"https:\/\/www.matildevicenzi.com\/de\/#organization"},"potentialAction":[{"@type":"SearchAction","target":{"@type":"EntryPoint","urlTemplate":"https:\/\/www.matildevicenzi.com\/de\/?s={search_term_string}"},"query-input":{"@type":"PropertyValueSpecification","valueRequired":true,"valueName":"search_term_string"}}],"inLanguage":"en-US"},{"@type":"Organization","@id":"https:\/\/www.matildevicenzi.com\/de\/#organization","name":"Matilde Vicenzi S.p.A.","url":"https:\/\/www.matildevicenzi.com\/de\/","logo":{"@type":"ImageObject","inLanguage":"en-US","@id":"https:\/\/www.matildevicenzi.com\/de\/#\/schema\/logo\/image\/","url":"https:\/\/www.matildevicenzi.com\/de\/wp-content\/uploads\/sites\/2\/2023\/06\/matilde_logo_new.png","contentUrl":"https:\/\/www.matildevicenzi.com\/de\/wp-content\/uploads\/sites\/2\/2023\/06\/matilde_logo_new.png","width":606,"height":606,"caption":"Matilde Vicenzi S.p.A."},"image":{"@id":"https:\/\/www.matildevicenzi.com\/de\/#\/schema\/logo\/image\/"}}]}},"_links":{"self":[{"href":"https:\/\/www.matildevicenzi.com\/de\/wp-json\/wp\/v2\/matilde-mag\/63","targetHints":{"allow":["GET"]}}],"collection":[{"href":"https:\/\/www.matildevicenzi.com\/de\/wp-json\/wp\/v2\/matilde-mag"}],"about":[{"href":"https:\/\/www.matildevicenzi.com\/de\/wp-json\/wp\/v2\/types\/matilde-mag"}],"version-history":[{"count":0,"href":"https:\/\/www.matildevicenzi.com\/de\/wp-json\/wp\/v2\/matilde-mag\/63\/revisions"}],"wp:featuredmedia":[{"embeddable":true,"href":"https:\/\/www.matildevicenzi.com\/de\/wp-json\/wp\/v2\/media\/8283"}],"wp:attachment":[{"href":"https:\/\/www.matildevicenzi.com\/de\/wp-json\/wp\/v2\/media?parent=63"}],"wp:term":[{"taxonomy":"categoria_mag","embeddable":true,"href":"https:\/\/www.matildevicenzi.com\/de\/wp-json\/wp\/v2\/categoria_mag?post=63"}],"curies":[{"name":"wp","href":"https:\/\/api.w.org\/{rel}","templated":true}]}}

Die vicenzi group für die Arena stiftung: die show leuchtet

<p>Als am 10. August 1913 zum ersten Mal die berühmte Oper „Aida“ in der Arena von Verona aufgeführt wurde, entzündeten die Zuschauer spontan Tausende von Kerzen, um das Libretto mitzulesen – die Stimmung war einfach überwältigend ...</p>
<p>Im Jahr 1986 beschloss Giuseppe Vicenzi, dass diese alte Tradition nicht durch die elektrische Beleuchtung verloren gehen durfte.<br />
So wurde die dreißigjährige Zusammenarbeit der Stiftung der Arena mit Vicenzi geboren.</p>
<p>Sie erneuert sich jedes Jahr durch Tausende von Kerzen, die den Zuschauern übergeben werden und mit denen die Opernaufführungen während der Spielzeit als ein Zeichen für gute Wünsche eröffnet werden – ein Spektakel im Spektakel, das das Symbol von Verona erhellt.</p>

<p>Als am 10. August 1913 zum ersten Mal die berühmte Oper „Aida“ in der Arena von Verona aufgeführt wurde, entzündeten die Zuschauer spontan Tausende von Kerzen, um das Libretto mitzulesen – die Stimmung war einfach überwältigend ... Im Jahr 1986 beschloss Giuseppe Vicenzi, dass diese alte Tradition nicht durch die elektrische Beleuchtung verloren gehen durfte. [&hellip;]</p>

<!-- This site is optimized with the Yoast SEO plugin v26.2 - https://yoast.com/wordpress/plugins/seo/ -->
<title>Die vicenzi group für die Arena stiftung: die show leuchtet | Matilde Vicenzi S.p.A.</title>
<meta name="robots" content="index, follow, max-snippet:-1, max-image-preview:large, max-video-preview:-1" />
<link rel="canonical" href="https://www.matildevicenzi.com/de/matilde-mag/vicenzi-group-for-arena-foundation-the-show-lights-up/" />
<meta property="og:locale" content="en_US" />
<meta property="og:type" content="article" />
<meta property="og:title" content="Die vicenzi group für die Arena stiftung: die show leuchtet | Matilde Vicenzi S.p.A." />
<meta property="og:description" content="Als am 10. August 1913 zum ersten Mal die berühmte Oper „Aida“ in der Arena von Verona aufgeführt wurde, entzündeten die Zuschauer spontan Tausende von Kerzen, um das Libretto mitzulesen – die Stimmung war einfach überwältigend ... Im Jahr 1986 beschloss Giuseppe Vicenzi, dass diese alte Tradition nicht durch die elektrische Beleuchtung verloren gehen durfte. [&hellip;]" />
<meta property="og:url" content="https://www.matildevicenzi.com/de/matilde-mag/vicenzi-group-for-arena-foundation-the-show-lights-up/" />
<meta property="og:site_name" content="Matilde Vicenzi S.p.A." />
<meta property="og:image" content="https://www.matildevicenzi.com/de/wp-content/uploads/sites/2/2017/04/arena-di-verona.jpg" />
	<meta property="og:image:width" content="2000" />
	<meta property="og:image:height" content="1335" />
	<meta property="og:image:type" content="image/jpeg" />
<meta name="twitter:card" content="summary_large_image" />
<meta name="twitter:label1" content="Est. reading time" />
	<meta name="twitter:data1" content="1 minute" />
<script type="application/ld+json" class="yoast-schema-graph">{"@context":"https://schema.org","@graph":[{"@type":"WebPage","@id":"https://www.matildevicenzi.com/de/matilde-mag/vicenzi-group-for-arena-foundation-the-show-lights-up/","url":"https://www.matildevicenzi.com/de/matilde-mag/vicenzi-group-for-arena-foundation-the-show-lights-up/","name":"Die vicenzi group für die Arena stiftung: die show leuchtet | Matilde Vicenzi S.p.A.","isPartOf":{"@id":"https://www.matildevicenzi.com/de/#website"},"primaryImageOfPage":{"@id":"https://www.matildevicenzi.com/de/matilde-mag/vicenzi-group-for-arena-foundation-the-show-lights-up/#primaryimage"},"image":{"@id":"https://www.matildevicenzi.com/de/matilde-mag/vicenzi-group-for-arena-foundation-the-show-lights-up/#primaryimage"},"thumbnailUrl":"https://www.matildevicenzi.com/de/wp-content/uploads/sites/2/2017/04/arena-di-verona.jpg","datePublished":"2017-04-24T16:16:41+00:00","breadcrumb":{"@id":"https://www.matildevicenzi.com/de/matilde-mag/vicenzi-group-for-arena-foundation-the-show-lights-up/#breadcrumb"},"inLanguage":"en-US","potentialAction":[{"@type":"ReadAction","target":["https://www.matildevicenzi.com/de/matilde-mag/vicenzi-group-for-arena-foundation-the-show-lights-up/"]}]},{"@type":"ImageObject","inLanguage":"en-US","@id":"https://www.matildevicenzi.com/de/matilde-mag/vicenzi-group-for-arena-foundation-the-show-lights-up/#primaryimage","url":"https://www.matildevicenzi.com/de/wp-content/uploads/sites/2/2017/04/arena-di-verona.jpg","contentUrl":"https://www.matildevicenzi.com/de/wp-content/uploads/sites/2/2017/04/arena-di-verona.jpg","width":2000,"height":1335},{"@type":"BreadcrumbList","@id":"https://www.matildevicenzi.com/de/matilde-mag/vicenzi-group-for-arena-foundation-the-show-lights-up/#breadcrumb","itemListElement":[{"@type":"ListItem","position":1,"name":"Home","item":"https://www.matildevicenzi.com/de/"},{"@type":"ListItem","position":2,"name":"Matilde Mag","item":"https://www.matildevicenzi.com/de/matilde-mag/"},{"@type":"ListItem","position":3,"name":"Die vicenzi group für die Arena stiftung: die show leuchtet"}]},{"@type":"WebSite","@id":"https://www.matildevicenzi.com/de/#website","url":"https://www.matildevicenzi.com/de/","name":"Matilde Vicenzi S.p.A.","description":"Italienisches Feingebäckseit 1905","publisher":{"@id":"https://www.matildevicenzi.com/de/#organization"},"potentialAction":[{"@type":"SearchAction","target":{"@type":"EntryPoint","urlTemplate":"https://www.matildevicenzi.com/de/?s={search_term_string}"},"query-input":{"@type":"PropertyValueSpecification","valueRequired":true,"valueName":"search_term_string"}}],"inLanguage":"en-US"},{"@type":"Organization","@id":"https://www.matildevicenzi.com/de/#organization","name":"Matilde Vicenzi S.p.A.","url":"https://www.matildevicenzi.com/de/","logo":{"@type":"ImageObject","inLanguage":"en-US","@id":"https://www.matildevicenzi.com/de/#/schema/logo/image/","url":"https://www.matildevicenzi.com/de/wp-content/uploads/sites/2/2023/06/matilde_logo_new.png","contentUrl":"https://www.matildevicenzi.com/de/wp-content/uploads/sites/2/2023/06/matilde_logo_new.png","width":606,"height":606,"caption":"Matilde Vicenzi S.p.A."},"image":{"@id":"https://www.matildevicenzi.com/de/#/schema/logo/image/"}}]}</script>
<!-- / Yoast SEO plugin. -->

Die vicenzi group für die Arena stiftung: die show leuchtet | Matilde Vicenzi S.p.A.

Als am 10. August 1913 zum ersten Mal die berühmte Oper „Aida“ in der Arena von Verona aufgeführt wurde, entzündeten die Zuschauer spontan Tausende von Kerzen, um das Libretto mitzulesen – die Stimmung war einfach überwältigend ... Im Jahr 1986 beschloss Giuseppe Vicenzi, dass diese alte Tradition nicht durch die elektrische Beleuchtung verloren gehen durfte. [&hellip;]

Italienisches Feingebäckseit 1905
