{"id":74,"date":"2016-11-24T01:21:03","date_gmt":"2016-11-24T01:21:03","guid":{"rendered":"http:\/\/kinademo.tk\/matildevicenzi\/?post_type=matilde-mag&amp;p=74"},"modified":"2016-11-24T01:21:03","modified_gmt":"2016-11-24T01:21:03","slug":"the-big-star-in-piazza-bra-lights-up-again","status":"publish","type":"matilde-mag","link":"https:\/\/www.matildevicenzi.com\/de\/matilde-mag\/the-big-star-in-piazza-bra-lights-up-again\/","title":{"rendered":"Der gro\u00dfe Stern auf der Piazza Bra\u2019 leuchtet wieder"},"content":{"rendered":"<p>Mit Unterst\u00fctzung von Matilde Vicenzi wird die Piazza Bra in Verona jedes Jahr w\u00e4hrend der traditionellen Weihnachtsvorbereitungen zu einem beliebten Treffpunkt f\u00fcr Erwachsene und Kinder, Jugendliche und Familien, wo man den festlichen Glanz und die stimmungsvolle Atmosph\u00e4re genie\u00dfen kann.<\/p>\n<p>Seit nunmehr 31 Jahren f\u00fchrt der gro\u00dfe wei\u00dfe Stern aus Stahl, die von Rinaldo Olivieri nach einer Idee von Alfredo Troisi entworfene gr\u00f6\u00dfte Bogenskulptur der Welt, die Tradition der Weihnachtszeit fort. Dar\u00fcber hinaus findet ein Festival mit Krippen aus der ganzen Welt statt.<br \/>\nSie sind inzwischen eines der wichtigsten Symbole f\u00fcr Weihnachten in Verona. F\u00fcr Verona und seine B\u00fcrgerinnen und B\u00fcrger verk\u00f6rpern sie eine wichtige Tradition, die Freude und Gelassenheit vermittelt.<\/p>\n<p>Giuseppe Vicenzi, der sich stets f\u00fcr die Unterst\u00fctzung und F\u00f6rderung des Ansehens seiner Heimatstadt Verona in der Welt einsetzt, erkl\u00e4rte, er sei \u201estolz darauf, die Bem\u00fchungen der Stiftung f\u00fcr die Arena von Verona zu unterst\u00fctzen. Sie stellt der Stadt und dem Tourismus eine Initiative von gro\u00dfem symbolischen und kulturellen Wert zur Verf\u00fcgung: den gro\u00dfen Stahlstern, der zum<br \/>\nGesicht von Verona in der ganzen Welt geworden ist\u201c.<\/p>\n","protected":false},"excerpt":{"rendered":"<p>Mit Unterst\u00fctzung von Matilde Vicenzi wird die Piazza Bra in Verona jedes Jahr w\u00e4hrend der traditionellen Weihnachtsvorbereitungen zu einem beliebten Treffpunkt f\u00fcr Erwachsene und Kinder, Jugendliche und Familien, wo man den festlichen Glanz und die stimmungsvolle Atmosph\u00e4re genie\u00dfen kann. Seit nunmehr 31 Jahren f\u00fchrt der gro\u00dfe wei\u00dfe Stern aus Stahl, die von Rinaldo Olivieri nach [&hellip;]<\/p>\n","protected":false},"featured_media":78,"template":"","meta":{"_acf_changed":false,"inline_featured_image":false,"footnotes":""},"categoria_mag":[8],"class_list":["post-74","matilde-mag","type-matilde-mag","status-publish","has-post-thumbnail","hentry","categoria_mag-nachrichten-und-events"],"acf":[],"yoast_head":"<!-- This site is optimized with the Yoast SEO plugin v26.2 - https:\/\/yoast.com\/wordpress\/plugins\/seo\/ -->\n<title>Der gro\u00dfe Stern auf der Piazza Bra\u2019 leuchtet wieder | Matilde Vicenzi S.p.A.<\/title>\n<meta name=\"robots\" content=\"index, follow, max-snippet:-1, max-image-preview:large, max-video-preview:-1\" \/>\n<link rel=\"canonical\" href=\"https:\/\/www.matildevicenzi.com\/de\/matilde-mag\/the-big-star-in-piazza-bra-lights-up-again\/\" \/>\n<meta property=\"og:locale\" content=\"en_US\" \/>\n<meta property=\"og:type\" content=\"article\" \/>\n<meta property=\"og:title\" content=\"Der gro\u00dfe Stern auf der Piazza Bra\u2019 leuchtet wieder | Matilde Vicenzi S.p.A.\" \/>\n<meta property=\"og:description\" content=\"Mit Unterst\u00fctzung von Matilde Vicenzi wird die Piazza Bra in Verona jedes Jahr w\u00e4hrend der traditionellen Weihnachtsvorbereitungen zu einem beliebten Treffpunkt f\u00fcr Erwachsene und Kinder, Jugendliche und Familien, wo man den festlichen Glanz und die stimmungsvolle Atmosph\u00e4re genie\u00dfen kann. Seit nunmehr 31 Jahren f\u00fchrt der gro\u00dfe wei\u00dfe Stern aus Stahl, die von Rinaldo Olivieri nach [&hellip;]\" \/>\n<meta property=\"og:url\" content=\"https:\/\/www.matildevicenzi.com\/de\/matilde-mag\/the-big-star-in-piazza-bra-lights-up-again\/\" \/>\n<meta property=\"og:site_name\" content=\"Matilde Vicenzi S.p.A.\" \/>\n<meta property=\"og:image\" content=\"https:\/\/www.matildevicenzi.com\/de\/wp-content\/uploads\/sites\/2\/2017\/05\/Header-Stella_1_1.jpg\" \/>\n\t<meta property=\"og:image:width\" content=\"2000\" \/>\n\t<meta property=\"og:image:height\" content=\"1335\" \/>\n\t<meta property=\"og:image:type\" content=\"image\/jpeg\" \/>\n<meta name=\"twitter:card\" content=\"summary_large_image\" \/>\n<meta name=\"twitter:label1\" content=\"Est. reading time\" \/>\n\t<meta name=\"twitter:data1\" content=\"1 minute\" \/>\n<script type=\"application\/ld+json\" class=\"yoast-schema-graph\">{\"@context\":\"https:\/\/schema.org\",\"@graph\":[{\"@type\":\"WebPage\",\"@id\":\"https:\/\/www.matildevicenzi.com\/de\/matilde-mag\/the-big-star-in-piazza-bra-lights-up-again\/\",\"url\":\"https:\/\/www.matildevicenzi.com\/de\/matilde-mag\/the-big-star-in-piazza-bra-lights-up-again\/\",\"name\":\"Der gro\u00dfe Stern auf der Piazza Bra\u2019 leuchtet wieder | Matilde Vicenzi S.p.A.\",\"isPartOf\":{\"@id\":\"https:\/\/www.matildevicenzi.com\/de\/#website\"},\"primaryImageOfPage\":{\"@id\":\"https:\/\/www.matildevicenzi.com\/de\/matilde-mag\/the-big-star-in-piazza-bra-lights-up-again\/#primaryimage\"},\"image\":{\"@id\":\"https:\/\/www.matildevicenzi.com\/de\/matilde-mag\/the-big-star-in-piazza-bra-lights-up-again\/#primaryimage\"},\"thumbnailUrl\":\"https:\/\/www.matildevicenzi.com\/de\/wp-content\/uploads\/sites\/2\/2017\/05\/Header-Stella_1_1.jpg\",\"datePublished\":\"2016-11-24T01:21:03+00:00\",\"breadcrumb\":{\"@id\":\"https:\/\/www.matildevicenzi.com\/de\/matilde-mag\/the-big-star-in-piazza-bra-lights-up-again\/#breadcrumb\"},\"inLanguage\":\"en-US\",\"potentialAction\":[{\"@type\":\"ReadAction\",\"target\":[\"https:\/\/www.matildevicenzi.com\/de\/matilde-mag\/the-big-star-in-piazza-bra-lights-up-again\/\"]}]},{\"@type\":\"ImageObject\",\"inLanguage\":\"en-US\",\"@id\":\"https:\/\/www.matildevicenzi.com\/de\/matilde-mag\/the-big-star-in-piazza-bra-lights-up-again\/#primaryimage\",\"url\":\"https:\/\/www.matildevicenzi.com\/de\/wp-content\/uploads\/sites\/2\/2017\/05\/Header-Stella_1_1.jpg\",\"contentUrl\":\"https:\/\/www.matildevicenzi.com\/de\/wp-content\/uploads\/sites\/2\/2017\/05\/Header-Stella_1_1.jpg\",\"width\":2000,\"height\":1335},{\"@type\":\"BreadcrumbList\",\"@id\":\"https:\/\/www.matildevicenzi.com\/de\/matilde-mag\/the-big-star-in-piazza-bra-lights-up-again\/#breadcrumb\",\"itemListElement\":[{\"@type\":\"ListItem\",\"position\":1,\"name\":\"Home\",\"item\":\"https:\/\/www.matildevicenzi.com\/de\/\"},{\"@type\":\"ListItem\",\"position\":2,\"name\":\"Matilde Mag\",\"item\":\"https:\/\/www.matildevicenzi.com\/de\/matilde-mag\/\"},{\"@type\":\"ListItem\",\"position\":3,\"name\":\"Der gro\u00dfe Stern auf der Piazza Bra\u2019 leuchtet wieder\"}]},{\"@type\":\"WebSite\",\"@id\":\"https:\/\/www.matildevicenzi.com\/de\/#website\",\"url\":\"https:\/\/www.matildevicenzi.com\/de\/\",\"name\":\"Matilde Vicenzi S.p.A.\",\"description\":\"Italienisches Feingeb\u00e4ckseit 1905\",\"publisher\":{\"@id\":\"https:\/\/www.matildevicenzi.com\/de\/#organization\"},\"potentialAction\":[{\"@type\":\"SearchAction\",\"target\":{\"@type\":\"EntryPoint\",\"urlTemplate\":\"https:\/\/www.matildevicenzi.com\/de\/?s={search_term_string}\"},\"query-input\":{\"@type\":\"PropertyValueSpecification\",\"valueRequired\":true,\"valueName\":\"search_term_string\"}}],\"inLanguage\":\"en-US\"},{\"@type\":\"Organization\",\"@id\":\"https:\/\/www.matildevicenzi.com\/de\/#organization\",\"name\":\"Matilde Vicenzi S.p.A.\",\"url\":\"https:\/\/www.matildevicenzi.com\/de\/\",\"logo\":{\"@type\":\"ImageObject\",\"inLanguage\":\"en-US\",\"@id\":\"https:\/\/www.matildevicenzi.com\/de\/#\/schema\/logo\/image\/\",\"url\":\"https:\/\/www.matildevicenzi.com\/de\/wp-content\/uploads\/sites\/2\/2023\/06\/matilde_logo_new.png\",\"contentUrl\":\"https:\/\/www.matildevicenzi.com\/de\/wp-content\/uploads\/sites\/2\/2023\/06\/matilde_logo_new.png\",\"width\":606,\"height\":606,\"caption\":\"Matilde Vicenzi S.p.A.\"},\"image\":{\"@id\":\"https:\/\/www.matildevicenzi.com\/de\/#\/schema\/logo\/image\/\"}}]}<\/script>\n<!-- \/ Yoast SEO plugin. -->","yoast_head_json":{"title":"Der gro\u00dfe Stern auf der Piazza Bra\u2019 leuchtet wieder | Matilde Vicenzi S.p.A.","robots":{"index":"index","follow":"follow","max-snippet":"max-snippet:-1","max-image-preview":"max-image-preview:large","max-video-preview":"max-video-preview:-1"},"canonical":"https:\/\/www.matildevicenzi.com\/de\/matilde-mag\/the-big-star-in-piazza-bra-lights-up-again\/","og_locale":"en_US","og_type":"article","og_title":"Der gro\u00dfe Stern auf der Piazza Bra\u2019 leuchtet wieder | Matilde Vicenzi S.p.A.","og_description":"Mit Unterst\u00fctzung von Matilde Vicenzi wird die Piazza Bra in Verona jedes Jahr w\u00e4hrend der traditionellen Weihnachtsvorbereitungen zu einem beliebten Treffpunkt f\u00fcr Erwachsene und Kinder, Jugendliche und Familien, wo man den festlichen Glanz und die stimmungsvolle Atmosph\u00e4re genie\u00dfen kann. Seit nunmehr 31 Jahren f\u00fchrt der gro\u00dfe wei\u00dfe Stern aus Stahl, die von Rinaldo Olivieri nach [&hellip;]","og_url":"https:\/\/www.matildevicenzi.com\/de\/matilde-mag\/the-big-star-in-piazza-bra-lights-up-again\/","og_site_name":"Matilde Vicenzi S.p.A.","og_image":[{"width":2000,"height":1335,"url":"https:\/\/www.matildevicenzi.com\/de\/wp-content\/uploads\/sites\/2\/2017\/05\/Header-Stella_1_1.jpg","type":"image\/jpeg"}],"twitter_card":"summary_large_image","twitter_misc":{"Est. reading time":"1 minute"},"schema":{"@context":"https:\/\/schema.org","@graph":[{"@type":"WebPage","@id":"https:\/\/www.matildevicenzi.com\/de\/matilde-mag\/the-big-star-in-piazza-bra-lights-up-again\/","url":"https:\/\/www.matildevicenzi.com\/de\/matilde-mag\/the-big-star-in-piazza-bra-lights-up-again\/","name":"Der gro\u00dfe Stern auf der Piazza Bra\u2019 leuchtet wieder | Matilde Vicenzi S.p.A.","isPartOf":{"@id":"https:\/\/www.matildevicenzi.com\/de\/#website"},"primaryImageOfPage":{"@id":"https:\/\/www.matildevicenzi.com\/de\/matilde-mag\/the-big-star-in-piazza-bra-lights-up-again\/#primaryimage"},"image":{"@id":"https:\/\/www.matildevicenzi.com\/de\/matilde-mag\/the-big-star-in-piazza-bra-lights-up-again\/#primaryimage"},"thumbnailUrl":"https:\/\/www.matildevicenzi.com\/de\/wp-content\/uploads\/sites\/2\/2017\/05\/Header-Stella_1_1.jpg","datePublished":"2016-11-24T01:21:03+00:00","breadcrumb":{"@id":"https:\/\/www.matildevicenzi.com\/de\/matilde-mag\/the-big-star-in-piazza-bra-lights-up-again\/#breadcrumb"},"inLanguage":"en-US","potentialAction":[{"@type":"ReadAction","target":["https:\/\/www.matildevicenzi.com\/de\/matilde-mag\/the-big-star-in-piazza-bra-lights-up-again\/"]}]},{"@type":"ImageObject","inLanguage":"en-US","@id":"https:\/\/www.matildevicenzi.com\/de\/matilde-mag\/the-big-star-in-piazza-bra-lights-up-again\/#primaryimage","url":"https:\/\/www.matildevicenzi.com\/de\/wp-content\/uploads\/sites\/2\/2017\/05\/Header-Stella_1_1.jpg","contentUrl":"https:\/\/www.matildevicenzi.com\/de\/wp-content\/uploads\/sites\/2\/2017\/05\/Header-Stella_1_1.jpg","width":2000,"height":1335},{"@type":"BreadcrumbList","@id":"https:\/\/www.matildevicenzi.com\/de\/matilde-mag\/the-big-star-in-piazza-bra-lights-up-again\/#breadcrumb","itemListElement":[{"@type":"ListItem","position":1,"name":"Home","item":"https:\/\/www.matildevicenzi.com\/de\/"},{"@type":"ListItem","position":2,"name":"Matilde Mag","item":"https:\/\/www.matildevicenzi.com\/de\/matilde-mag\/"},{"@type":"ListItem","position":3,"name":"Der gro\u00dfe Stern auf der Piazza Bra\u2019 leuchtet wieder"}]},{"@type":"WebSite","@id":"https:\/\/www.matildevicenzi.com\/de\/#website","url":"https:\/\/www.matildevicenzi.com\/de\/","name":"Matilde Vicenzi S.p.A.","description":"Italienisches Feingeb\u00e4ckseit 1905","publisher":{"@id":"https:\/\/www.matildevicenzi.com\/de\/#organization"},"potentialAction":[{"@type":"SearchAction","target":{"@type":"EntryPoint","urlTemplate":"https:\/\/www.matildevicenzi.com\/de\/?s={search_term_string}"},"query-input":{"@type":"PropertyValueSpecification","valueRequired":true,"valueName":"search_term_string"}}],"inLanguage":"en-US"},{"@type":"Organization","@id":"https:\/\/www.matildevicenzi.com\/de\/#organization","name":"Matilde Vicenzi S.p.A.","url":"https:\/\/www.matildevicenzi.com\/de\/","logo":{"@type":"ImageObject","inLanguage":"en-US","@id":"https:\/\/www.matildevicenzi.com\/de\/#\/schema\/logo\/image\/","url":"https:\/\/www.matildevicenzi.com\/de\/wp-content\/uploads\/sites\/2\/2023\/06\/matilde_logo_new.png","contentUrl":"https:\/\/www.matildevicenzi.com\/de\/wp-content\/uploads\/sites\/2\/2023\/06\/matilde_logo_new.png","width":606,"height":606,"caption":"Matilde Vicenzi S.p.A."},"image":{"@id":"https:\/\/www.matildevicenzi.com\/de\/#\/schema\/logo\/image\/"}}]}},"_links":{"self":[{"href":"https:\/\/www.matildevicenzi.com\/de\/wp-json\/wp\/v2\/matilde-mag\/74","targetHints":{"allow":["GET"]}}],"collection":[{"href":"https:\/\/www.matildevicenzi.com\/de\/wp-json\/wp\/v2\/matilde-mag"}],"about":[{"href":"https:\/\/www.matildevicenzi.com\/de\/wp-json\/wp\/v2\/types\/matilde-mag"}],"version-history":[{"count":0,"href":"https:\/\/www.matildevicenzi.com\/de\/wp-json\/wp\/v2\/matilde-mag\/74\/revisions"}],"wp:featuredmedia":[{"embeddable":true,"href":"https:\/\/www.matildevicenzi.com\/de\/wp-json\/wp\/v2\/media\/78"}],"wp:attachment":[{"href":"https:\/\/www.matildevicenzi.com\/de\/wp-json\/wp\/v2\/media?parent=74"}],"wp:term":[{"taxonomy":"categoria_mag","embeddable":true,"href":"https:\/\/www.matildevicenzi.com\/de\/wp-json\/wp\/v2\/categoria_mag?post=74"}],"curies":[{"name":"wp","href":"https:\/\/api.w.org\/{rel}","templated":true}]}}

Der große Stern auf der Piazza Bra’ leuchtet wieder

<p>Mit Unterstützung von Matilde Vicenzi wird die Piazza Bra in Verona jedes Jahr während der traditionellen Weihnachtsvorbereitungen zu einem beliebten Treffpunkt für Erwachsene und Kinder, Jugendliche und Familien, wo man den festlichen Glanz und die stimmungsvolle Atmosphäre genießen kann.</p>
<p>Seit nunmehr 31 Jahren führt der große weiße Stern aus Stahl, die von Rinaldo Olivieri nach einer Idee von Alfredo Troisi entworfene größte Bogenskulptur der Welt, die Tradition der Weihnachtszeit fort. Darüber hinaus findet ein Festival mit Krippen aus der ganzen Welt statt.<br />
Sie sind inzwischen eines der wichtigsten Symbole für Weihnachten in Verona. Für Verona und seine Bürgerinnen und Bürger verkörpern sie eine wichtige Tradition, die Freude und Gelassenheit vermittelt.</p>
<p>Giuseppe Vicenzi, der sich stets für die Unterstützung und Förderung des Ansehens seiner Heimatstadt Verona in der Welt einsetzt, erklärte, er sei „stolz darauf, die Bemühungen der Stiftung für die Arena von Verona zu unterstützen. Sie stellt der Stadt und dem Tourismus eine Initiative von großem symbolischen und kulturellen Wert zur Verfügung: den großen Stahlstern, der zum<br />
Gesicht von Verona in der ganzen Welt geworden ist“.</p>

<p>Mit Unterstützung von Matilde Vicenzi wird die Piazza Bra in Verona jedes Jahr während der traditionellen Weihnachtsvorbereitungen zu einem beliebten Treffpunkt für Erwachsene und Kinder, Jugendliche und Familien, wo man den festlichen Glanz und die stimmungsvolle Atmosphäre genießen kann. Seit nunmehr 31 Jahren führt der große weiße Stern aus Stahl, die von Rinaldo Olivieri nach [&hellip;]</p>

<!-- This site is optimized with the Yoast SEO plugin v26.2 - https://yoast.com/wordpress/plugins/seo/ -->
<title>Der große Stern auf der Piazza Bra’ leuchtet wieder | Matilde Vicenzi S.p.A.</title>
<meta name="robots" content="index, follow, max-snippet:-1, max-image-preview:large, max-video-preview:-1" />
<link rel="canonical" href="https://www.matildevicenzi.com/de/matilde-mag/the-big-star-in-piazza-bra-lights-up-again/" />
<meta property="og:locale" content="en_US" />
<meta property="og:type" content="article" />
<meta property="og:title" content="Der große Stern auf der Piazza Bra’ leuchtet wieder | Matilde Vicenzi S.p.A." />
<meta property="og:description" content="Mit Unterstützung von Matilde Vicenzi wird die Piazza Bra in Verona jedes Jahr während der traditionellen Weihnachtsvorbereitungen zu einem beliebten Treffpunkt für Erwachsene und Kinder, Jugendliche und Familien, wo man den festlichen Glanz und die stimmungsvolle Atmosphäre genießen kann. Seit nunmehr 31 Jahren führt der große weiße Stern aus Stahl, die von Rinaldo Olivieri nach [&hellip;]" />
<meta property="og:url" content="https://www.matildevicenzi.com/de/matilde-mag/the-big-star-in-piazza-bra-lights-up-again/" />
<meta property="og:site_name" content="Matilde Vicenzi S.p.A." />
<meta property="og:image" content="https://www.matildevicenzi.com/de/wp-content/uploads/sites/2/2017/05/Header-Stella_1_1.jpg" />
	<meta property="og:image:width" content="2000" />
	<meta property="og:image:height" content="1335" />
	<meta property="og:image:type" content="image/jpeg" />
<meta name="twitter:card" content="summary_large_image" />
<meta name="twitter:label1" content="Est. reading time" />
	<meta name="twitter:data1" content="1 minute" />
<script type="application/ld+json" class="yoast-schema-graph">{"@context":"https://schema.org","@graph":[{"@type":"WebPage","@id":"https://www.matildevicenzi.com/de/matilde-mag/the-big-star-in-piazza-bra-lights-up-again/","url":"https://www.matildevicenzi.com/de/matilde-mag/the-big-star-in-piazza-bra-lights-up-again/","name":"Der große Stern auf der Piazza Bra’ leuchtet wieder | Matilde Vicenzi S.p.A.","isPartOf":{"@id":"https://www.matildevicenzi.com/de/#website"},"primaryImageOfPage":{"@id":"https://www.matildevicenzi.com/de/matilde-mag/the-big-star-in-piazza-bra-lights-up-again/#primaryimage"},"image":{"@id":"https://www.matildevicenzi.com/de/matilde-mag/the-big-star-in-piazza-bra-lights-up-again/#primaryimage"},"thumbnailUrl":"https://www.matildevicenzi.com/de/wp-content/uploads/sites/2/2017/05/Header-Stella_1_1.jpg","datePublished":"2016-11-24T01:21:03+00:00","breadcrumb":{"@id":"https://www.matildevicenzi.com/de/matilde-mag/the-big-star-in-piazza-bra-lights-up-again/#breadcrumb"},"inLanguage":"en-US","potentialAction":[{"@type":"ReadAction","target":["https://www.matildevicenzi.com/de/matilde-mag/the-big-star-in-piazza-bra-lights-up-again/"]}]},{"@type":"ImageObject","inLanguage":"en-US","@id":"https://www.matildevicenzi.com/de/matilde-mag/the-big-star-in-piazza-bra-lights-up-again/#primaryimage","url":"https://www.matildevicenzi.com/de/wp-content/uploads/sites/2/2017/05/Header-Stella_1_1.jpg","contentUrl":"https://www.matildevicenzi.com/de/wp-content/uploads/sites/2/2017/05/Header-Stella_1_1.jpg","width":2000,"height":1335},{"@type":"BreadcrumbList","@id":"https://www.matildevicenzi.com/de/matilde-mag/the-big-star-in-piazza-bra-lights-up-again/#breadcrumb","itemListElement":[{"@type":"ListItem","position":1,"name":"Home","item":"https://www.matildevicenzi.com/de/"},{"@type":"ListItem","position":2,"name":"Matilde Mag","item":"https://www.matildevicenzi.com/de/matilde-mag/"},{"@type":"ListItem","position":3,"name":"Der große Stern auf der Piazza Bra’ leuchtet wieder"}]},{"@type":"WebSite","@id":"https://www.matildevicenzi.com/de/#website","url":"https://www.matildevicenzi.com/de/","name":"Matilde Vicenzi S.p.A.","description":"Italienisches Feingebäckseit 1905","publisher":{"@id":"https://www.matildevicenzi.com/de/#organization"},"potentialAction":[{"@type":"SearchAction","target":{"@type":"EntryPoint","urlTemplate":"https://www.matildevicenzi.com/de/?s={search_term_string}"},"query-input":{"@type":"PropertyValueSpecification","valueRequired":true,"valueName":"search_term_string"}}],"inLanguage":"en-US"},{"@type":"Organization","@id":"https://www.matildevicenzi.com/de/#organization","name":"Matilde Vicenzi S.p.A.","url":"https://www.matildevicenzi.com/de/","logo":{"@type":"ImageObject","inLanguage":"en-US","@id":"https://www.matildevicenzi.com/de/#/schema/logo/image/","url":"https://www.matildevicenzi.com/de/wp-content/uploads/sites/2/2023/06/matilde_logo_new.png","contentUrl":"https://www.matildevicenzi.com/de/wp-content/uploads/sites/2/2023/06/matilde_logo_new.png","width":606,"height":606,"caption":"Matilde Vicenzi S.p.A."},"image":{"@id":"https://www.matildevicenzi.com/de/#/schema/logo/image/"}}]}</script>
<!-- / Yoast SEO plugin. -->

Der große Stern auf der Piazza Bra’ leuchtet wieder | Matilde Vicenzi S.p.A.

Mit Unterstützung von Matilde Vicenzi wird die Piazza Bra in Verona jedes Jahr während der traditionellen Weihnachtsvorbereitungen zu einem beliebten Treffpunkt für Erwachsene und Kinder, Jugendliche und Familien, wo man den festlichen Glanz und die stimmungsvolle Atmosphäre genießen kann. Seit nunmehr 31 Jahren führt der große weiße Stern aus Stahl, die von Rinaldo Olivieri nach [&hellip;]

Italienisches Feingebäckseit 1905
