{"id":6432,"date":"2020-10-28T09:56:53","date_gmt":"2020-10-28T09:56:53","guid":{"rendered":"http:\/\/matilde.kina.it\/?post_type=prodotto&#038;p=6432"},"modified":"2025-10-30T09:45:06","modified_gmt":"2025-10-30T08:45:06","slug":"assorted-pastries-300g-2","status":"publish","type":"prodotto","link":"https:\/\/www.matildevicenzi.com\/de\/produkt\/gemischtes-geback-250g\/","title":{"rendered":"Gemischtes Geb\u00e4ck 250g"},"content":{"rendered":"\n<p><strong>Das Beste von Matilde Vicenzis Feingeb\u00e4ck<\/strong>\u00a0in einem 250g-Sortiment, perfekt f\u00fcr die Pause am Nachmittag mit einer Tasse Tee, Kaffee oder Fruchtsaft. <\/p>\n\n\n\n<p><strong>Ein Sortiment, das alle Geschm\u00e4cker befriedigt<\/strong>:\u00a0M\u00fcrbeteiggeb\u00e4ck mit Schokoladen oder Konditorcremef\u00fcllung, k\u00f6stliches M\u00fcrbeteiggeb\u00e4ck mit zarter Marmelade und M\u00fcrbeteigpl\u00e4tzchen mit Butter oder Kakao. Alles in einer einzigen Packung, f\u00fcr eine s\u00fc\u00dfe Pause.<\/p>\n\n\n\n<p><\/p>\n","protected":false},"excerpt":{"rendered":"<p>Das Beste von Matilde Vicenzis Feingeb\u00e4ck\u00a0in einem 250g-Sortiment, perfekt f\u00fcr die Pause am Nachmittag mit einer Tasse Tee, Kaffee oder Fruchtsaft. Ein Sortiment, das alle Geschm\u00e4cker befriedigt:\u00a0M\u00fcrbeteiggeb\u00e4ck mit Schokoladen oder Konditorcremef\u00fcllung, k\u00f6stliches M\u00fcrbeteiggeb\u00e4ck mit zarter Marmelade und M\u00fcrbeteigpl\u00e4tzchen mit Butter oder Kakao. Alles in einer einzigen Packung, f\u00fcr eine s\u00fc\u00dfe Pause.<\/p>\n","protected":false},"featured_media":41745,"parent":0,"template":"","meta":{"_acf_changed":true,"inline_featured_image":false},"tipologia":[30,31],"class_list":["post-6432","prodotto","type-prodotto","status-publish","has-post-thumbnail","hentry","tipologia-gemischtes-geback","tipologia-murbeteiggeback-und-kekse"],"acf":[],"yoast_head":"<!-- This site is optimized with the Yoast SEO plugin v26.2 - https:\/\/yoast.com\/wordpress\/plugins\/seo\/ -->\n<title>Gemischtes Geb\u00e4ck 250g | Shortbread &amp; Coockies | Matilde Vicenzi S.p.A.<\/title>\n<meta name=\"description\" content=\"The best of Matilde Vicenzi&#039;s fine pastry in a 300g assortment, perfect for an afternoon break with a cup of tea, coffee, or fruit juice.\" \/>\n<meta name=\"robots\" content=\"index, follow, max-snippet:-1, max-image-preview:large, max-video-preview:-1\" \/>\n<link rel=\"canonical\" href=\"https:\/\/www.matildevicenzi.com\/de\/produkt\/gemischtes-geback-250g\/\" \/>\n<meta property=\"og:locale\" content=\"en_US\" \/>\n<meta property=\"og:type\" content=\"article\" \/>\n<meta property=\"og:title\" content=\"Gemischtes Geb\u00e4ck 250g | Shortbread &amp; Coockies | Matilde Vicenzi S.p.A.\" \/>\n<meta property=\"og:description\" content=\"The best of Matilde Vicenzi&#039;s fine pastry in a 300g assortment, perfect for an afternoon break with a cup of tea, coffee, or fruit juice.\" \/>\n<meta property=\"og:url\" content=\"https:\/\/www.matildevicenzi.com\/de\/produkt\/gemischtes-geback-250g\/\" \/>\n<meta property=\"og:site_name\" content=\"Matilde Vicenzi S.p.A.\" \/>\n<meta property=\"article:modified_time\" content=\"2025-10-30T08:45:06+00:00\" \/>\n<meta property=\"og:image\" content=\"https:\/\/www.matildevicenzi.com\/de\/wp-content\/uploads\/sites\/2\/2020\/10\/Assorted-pastries-250g.jpg\" \/>\n\t<meta property=\"og:image:width\" content=\"1000\" \/>\n\t<meta property=\"og:image:height\" content=\"1000\" \/>\n\t<meta property=\"og:image:type\" content=\"image\/jpeg\" \/>\n<meta name=\"twitter:card\" content=\"summary_large_image\" \/>\n<meta name=\"twitter:label1\" content=\"Est. reading time\" \/>\n\t<meta name=\"twitter:data1\" content=\"1 minute\" \/>\n<script type=\"application\/ld+json\" class=\"yoast-schema-graph\">{\"@context\":\"https:\/\/schema.org\",\"@graph\":[{\"@type\":\"WebPage\",\"@id\":\"https:\/\/www.matildevicenzi.com\/de\/produkt\/gemischtes-geback-250g\/\",\"url\":\"https:\/\/www.matildevicenzi.com\/de\/produkt\/gemischtes-geback-250g\/\",\"name\":\"Gemischtes Geb\u00e4ck 250g | Shortbread & Coockies | Matilde Vicenzi S.p.A.\",\"isPartOf\":{\"@id\":\"https:\/\/www.matildevicenzi.com\/de\/#website\"},\"primaryImageOfPage\":{\"@id\":\"https:\/\/www.matildevicenzi.com\/de\/produkt\/gemischtes-geback-250g\/#primaryimage\"},\"image\":{\"@id\":\"https:\/\/www.matildevicenzi.com\/de\/produkt\/gemischtes-geback-250g\/#primaryimage\"},\"thumbnailUrl\":\"https:\/\/www.matildevicenzi.com\/de\/wp-content\/uploads\/sites\/2\/2020\/10\/Assorted-pastries-250g.jpg\",\"datePublished\":\"2020-10-28T09:56:53+00:00\",\"dateModified\":\"2025-10-30T08:45:06+00:00\",\"description\":\"The best of Matilde Vicenzi's fine pastry in a 300g assortment, perfect for an afternoon break with a cup of tea, coffee, or fruit juice.\",\"breadcrumb\":{\"@id\":\"https:\/\/www.matildevicenzi.com\/de\/produkt\/gemischtes-geback-250g\/#breadcrumb\"},\"inLanguage\":\"en-US\",\"potentialAction\":[{\"@type\":\"ReadAction\",\"target\":[\"https:\/\/www.matildevicenzi.com\/de\/produkt\/gemischtes-geback-250g\/\"]}]},{\"@type\":\"ImageObject\",\"inLanguage\":\"en-US\",\"@id\":\"https:\/\/www.matildevicenzi.com\/de\/produkt\/gemischtes-geback-250g\/#primaryimage\",\"url\":\"https:\/\/www.matildevicenzi.com\/de\/wp-content\/uploads\/sites\/2\/2020\/10\/Assorted-pastries-250g.jpg\",\"contentUrl\":\"https:\/\/www.matildevicenzi.com\/de\/wp-content\/uploads\/sites\/2\/2020\/10\/Assorted-pastries-250g.jpg\",\"width\":1000,\"height\":1000},{\"@type\":\"BreadcrumbList\",\"@id\":\"https:\/\/www.matildevicenzi.com\/de\/produkt\/gemischtes-geback-250g\/#breadcrumb\",\"itemListElement\":[{\"@type\":\"ListItem\",\"position\":1,\"name\":\"Home\",\"item\":\"https:\/\/www.matildevicenzi.com\/de\/\"},{\"@type\":\"ListItem\",\"position\":2,\"name\":\"Produkte\",\"item\":\"https:\/\/www.matildevicenzi.com\/de\/produkte\/\"},{\"@type\":\"ListItem\",\"position\":3,\"name\":\"Gemischtes Geb\u00e4ck 250g\"}]},{\"@type\":\"WebSite\",\"@id\":\"https:\/\/www.matildevicenzi.com\/de\/#website\",\"url\":\"https:\/\/www.matildevicenzi.com\/de\/\",\"name\":\"Matilde Vicenzi S.p.A.\",\"description\":\"Italienisches Feingeb\u00e4ckseit 1905\",\"publisher\":{\"@id\":\"https:\/\/www.matildevicenzi.com\/de\/#organization\"},\"potentialAction\":[{\"@type\":\"SearchAction\",\"target\":{\"@type\":\"EntryPoint\",\"urlTemplate\":\"https:\/\/www.matildevicenzi.com\/de\/?s={search_term_string}\"},\"query-input\":{\"@type\":\"PropertyValueSpecification\",\"valueRequired\":true,\"valueName\":\"search_term_string\"}}],\"inLanguage\":\"en-US\"},{\"@type\":\"Organization\",\"@id\":\"https:\/\/www.matildevicenzi.com\/de\/#organization\",\"name\":\"Matilde Vicenzi S.p.A.\",\"url\":\"https:\/\/www.matildevicenzi.com\/de\/\",\"logo\":{\"@type\":\"ImageObject\",\"inLanguage\":\"en-US\",\"@id\":\"https:\/\/www.matildevicenzi.com\/de\/#\/schema\/logo\/image\/\",\"url\":\"https:\/\/www.matildevicenzi.com\/de\/wp-content\/uploads\/sites\/2\/2023\/06\/matilde_logo_new.png\",\"contentUrl\":\"https:\/\/www.matildevicenzi.com\/de\/wp-content\/uploads\/sites\/2\/2023\/06\/matilde_logo_new.png\",\"width\":606,\"height\":606,\"caption\":\"Matilde Vicenzi S.p.A.\"},\"image\":{\"@id\":\"https:\/\/www.matildevicenzi.com\/de\/#\/schema\/logo\/image\/\"}}]}<\/script>\n<!-- \/ Yoast SEO plugin. -->","yoast_head_json":{"title":"Gemischtes Geb\u00e4ck 250g | Shortbread & Coockies | Matilde Vicenzi S.p.A.","description":"The best of Matilde Vicenzi's fine pastry in a 300g assortment, perfect for an afternoon break with a cup of tea, coffee, or fruit juice.","robots":{"index":"index","follow":"follow","max-snippet":"max-snippet:-1","max-image-preview":"max-image-preview:large","max-video-preview":"max-video-preview:-1"},"canonical":"https:\/\/www.matildevicenzi.com\/de\/produkt\/gemischtes-geback-250g\/","og_locale":"en_US","og_type":"article","og_title":"Gemischtes Geb\u00e4ck 250g | Shortbread & Coockies | Matilde Vicenzi S.p.A.","og_description":"The best of Matilde Vicenzi's fine pastry in a 300g assortment, perfect for an afternoon break with a cup of tea, coffee, or fruit juice.","og_url":"https:\/\/www.matildevicenzi.com\/de\/produkt\/gemischtes-geback-250g\/","og_site_name":"Matilde Vicenzi S.p.A.","article_modified_time":"2025-10-30T08:45:06+00:00","og_image":[{"width":1000,"height":1000,"url":"https:\/\/www.matildevicenzi.com\/de\/wp-content\/uploads\/sites\/2\/2020\/10\/Assorted-pastries-250g.jpg","type":"image\/jpeg"}],"twitter_card":"summary_large_image","twitter_misc":{"Est. reading time":"1 minute"},"schema":{"@context":"https:\/\/schema.org","@graph":[{"@type":"WebPage","@id":"https:\/\/www.matildevicenzi.com\/de\/produkt\/gemischtes-geback-250g\/","url":"https:\/\/www.matildevicenzi.com\/de\/produkt\/gemischtes-geback-250g\/","name":"Gemischtes Geb\u00e4ck 250g | Shortbread & Coockies | Matilde Vicenzi S.p.A.","isPartOf":{"@id":"https:\/\/www.matildevicenzi.com\/de\/#website"},"primaryImageOfPage":{"@id":"https:\/\/www.matildevicenzi.com\/de\/produkt\/gemischtes-geback-250g\/#primaryimage"},"image":{"@id":"https:\/\/www.matildevicenzi.com\/de\/produkt\/gemischtes-geback-250g\/#primaryimage"},"thumbnailUrl":"https:\/\/www.matildevicenzi.com\/de\/wp-content\/uploads\/sites\/2\/2020\/10\/Assorted-pastries-250g.jpg","datePublished":"2020-10-28T09:56:53+00:00","dateModified":"2025-10-30T08:45:06+00:00","description":"The best of Matilde Vicenzi's fine pastry in a 300g assortment, perfect for an afternoon break with a cup of tea, coffee, or fruit juice.","breadcrumb":{"@id":"https:\/\/www.matildevicenzi.com\/de\/produkt\/gemischtes-geback-250g\/#breadcrumb"},"inLanguage":"en-US","potentialAction":[{"@type":"ReadAction","target":["https:\/\/www.matildevicenzi.com\/de\/produkt\/gemischtes-geback-250g\/"]}]},{"@type":"ImageObject","inLanguage":"en-US","@id":"https:\/\/www.matildevicenzi.com\/de\/produkt\/gemischtes-geback-250g\/#primaryimage","url":"https:\/\/www.matildevicenzi.com\/de\/wp-content\/uploads\/sites\/2\/2020\/10\/Assorted-pastries-250g.jpg","contentUrl":"https:\/\/www.matildevicenzi.com\/de\/wp-content\/uploads\/sites\/2\/2020\/10\/Assorted-pastries-250g.jpg","width":1000,"height":1000},{"@type":"BreadcrumbList","@id":"https:\/\/www.matildevicenzi.com\/de\/produkt\/gemischtes-geback-250g\/#breadcrumb","itemListElement":[{"@type":"ListItem","position":1,"name":"Home","item":"https:\/\/www.matildevicenzi.com\/de\/"},{"@type":"ListItem","position":2,"name":"Produkte","item":"https:\/\/www.matildevicenzi.com\/de\/produkte\/"},{"@type":"ListItem","position":3,"name":"Gemischtes Geb\u00e4ck 250g"}]},{"@type":"WebSite","@id":"https:\/\/www.matildevicenzi.com\/de\/#website","url":"https:\/\/www.matildevicenzi.com\/de\/","name":"Matilde Vicenzi S.p.A.","description":"Italienisches Feingeb\u00e4ckseit 1905","publisher":{"@id":"https:\/\/www.matildevicenzi.com\/de\/#organization"},"potentialAction":[{"@type":"SearchAction","target":{"@type":"EntryPoint","urlTemplate":"https:\/\/www.matildevicenzi.com\/de\/?s={search_term_string}"},"query-input":{"@type":"PropertyValueSpecification","valueRequired":true,"valueName":"search_term_string"}}],"inLanguage":"en-US"},{"@type":"Organization","@id":"https:\/\/www.matildevicenzi.com\/de\/#organization","name":"Matilde Vicenzi S.p.A.","url":"https:\/\/www.matildevicenzi.com\/de\/","logo":{"@type":"ImageObject","inLanguage":"en-US","@id":"https:\/\/www.matildevicenzi.com\/de\/#\/schema\/logo\/image\/","url":"https:\/\/www.matildevicenzi.com\/de\/wp-content\/uploads\/sites\/2\/2023\/06\/matilde_logo_new.png","contentUrl":"https:\/\/www.matildevicenzi.com\/de\/wp-content\/uploads\/sites\/2\/2023\/06\/matilde_logo_new.png","width":606,"height":606,"caption":"Matilde Vicenzi S.p.A."},"image":{"@id":"https:\/\/www.matildevicenzi.com\/de\/#\/schema\/logo\/image\/"}}]}},"_links":{"self":[{"href":"https:\/\/www.matildevicenzi.com\/de\/wp-json\/wp\/v2\/prodotto\/6432","targetHints":{"allow":["GET"]}}],"collection":[{"href":"https:\/\/www.matildevicenzi.com\/de\/wp-json\/wp\/v2\/prodotto"}],"about":[{"href":"https:\/\/www.matildevicenzi.com\/de\/wp-json\/wp\/v2\/types\/prodotto"}],"wp:featuredmedia":[{"embeddable":true,"href":"https:\/\/www.matildevicenzi.com\/de\/wp-json\/wp\/v2\/media\/41745"}],"wp:attachment":[{"href":"https:\/\/www.matildevicenzi.com\/de\/wp-json\/wp\/v2\/media?parent=6432"}],"wp:term":[{"taxonomy":"tipologia","embeddable":true,"href":"https:\/\/www.matildevicenzi.com\/de\/wp-json\/wp\/v2\/tipologia?post=6432"}],"curies":[{"name":"wp","href":"https:\/\/api.w.org\/{rel}","templated":true}]}}

Gemischtes Gebäck 250g

<p><strong>Das Beste von Matilde Vicenzis Feingebäck</strong> in einem 250g-Sortiment, perfekt für die Pause am Nachmittag mit einer Tasse Tee, Kaffee oder Fruchtsaft. </p>



<p><strong>Ein Sortiment, das alle Geschmäcker befriedigt</strong>: Mürbeteiggebäck mit Schokoladen oder Konditorcremefüllung, köstliches Mürbeteiggebäck mit zarter Marmelade und Mürbeteigplätzchen mit Butter oder Kakao. Alles in einer einzigen Packung, für eine süße Pause.</p>



<p></p>

<p>Das Beste von Matilde Vicenzis Feingebäck in einem 250g-Sortiment, perfekt für die Pause am Nachmittag mit einer Tasse Tee, Kaffee oder Fruchtsaft. Ein Sortiment, das alle Geschmäcker befriedigt: Mürbeteiggebäck mit Schokoladen oder Konditorcremefüllung, köstliches Mürbeteiggebäck mit zarter Marmelade und Mürbeteigplätzchen mit Butter oder Kakao. Alles in einer einzigen Packung, für eine süße Pause.</p>

<!-- This site is optimized with the Yoast SEO plugin v26.2 - https://yoast.com/wordpress/plugins/seo/ -->
<title>Gemischtes Gebäck 250g | Shortbread &amp; Coockies | Matilde Vicenzi S.p.A.</title>
<meta name="description" content="The best of Matilde Vicenzi&#039;s fine pastry in a 300g assortment, perfect for an afternoon break with a cup of tea, coffee, or fruit juice." />
<meta name="robots" content="index, follow, max-snippet:-1, max-image-preview:large, max-video-preview:-1" />
<link rel="canonical" href="https://www.matildevicenzi.com/de/produkt/gemischtes-geback-250g/" />
<meta property="og:locale" content="en_US" />
<meta property="og:type" content="article" />
<meta property="og:title" content="Gemischtes Gebäck 250g | Shortbread &amp; Coockies | Matilde Vicenzi S.p.A." />
<meta property="og:description" content="The best of Matilde Vicenzi&#039;s fine pastry in a 300g assortment, perfect for an afternoon break with a cup of tea, coffee, or fruit juice." />
<meta property="og:url" content="https://www.matildevicenzi.com/de/produkt/gemischtes-geback-250g/" />
<meta property="og:site_name" content="Matilde Vicenzi S.p.A." />
<meta property="article:modified_time" content="2025-10-30T08:45:06+00:00" />
<meta property="og:image" content="https://www.matildevicenzi.com/de/wp-content/uploads/sites/2/2020/10/Assorted-pastries-250g.jpg" />
	<meta property="og:image:width" content="1000" />
	<meta property="og:image:height" content="1000" />
	<meta property="og:image:type" content="image/jpeg" />
<meta name="twitter:card" content="summary_large_image" />
<meta name="twitter:label1" content="Est. reading time" />
	<meta name="twitter:data1" content="1 minute" />
<script type="application/ld+json" class="yoast-schema-graph">{"@context":"https://schema.org","@graph":[{"@type":"WebPage","@id":"https://www.matildevicenzi.com/de/produkt/gemischtes-geback-250g/","url":"https://www.matildevicenzi.com/de/produkt/gemischtes-geback-250g/","name":"Gemischtes Gebäck 250g | Shortbread & Coockies | Matilde Vicenzi S.p.A.","isPartOf":{"@id":"https://www.matildevicenzi.com/de/#website"},"primaryImageOfPage":{"@id":"https://www.matildevicenzi.com/de/produkt/gemischtes-geback-250g/#primaryimage"},"image":{"@id":"https://www.matildevicenzi.com/de/produkt/gemischtes-geback-250g/#primaryimage"},"thumbnailUrl":"https://www.matildevicenzi.com/de/wp-content/uploads/sites/2/2020/10/Assorted-pastries-250g.jpg","datePublished":"2020-10-28T09:56:53+00:00","dateModified":"2025-10-30T08:45:06+00:00","description":"The best of Matilde Vicenzi's fine pastry in a 300g assortment, perfect for an afternoon break with a cup of tea, coffee, or fruit juice.","breadcrumb":{"@id":"https://www.matildevicenzi.com/de/produkt/gemischtes-geback-250g/#breadcrumb"},"inLanguage":"en-US","potentialAction":[{"@type":"ReadAction","target":["https://www.matildevicenzi.com/de/produkt/gemischtes-geback-250g/"]}]},{"@type":"ImageObject","inLanguage":"en-US","@id":"https://www.matildevicenzi.com/de/produkt/gemischtes-geback-250g/#primaryimage","url":"https://www.matildevicenzi.com/de/wp-content/uploads/sites/2/2020/10/Assorted-pastries-250g.jpg","contentUrl":"https://www.matildevicenzi.com/de/wp-content/uploads/sites/2/2020/10/Assorted-pastries-250g.jpg","width":1000,"height":1000},{"@type":"BreadcrumbList","@id":"https://www.matildevicenzi.com/de/produkt/gemischtes-geback-250g/#breadcrumb","itemListElement":[{"@type":"ListItem","position":1,"name":"Home","item":"https://www.matildevicenzi.com/de/"},{"@type":"ListItem","position":2,"name":"Produkte","item":"https://www.matildevicenzi.com/de/produkte/"},{"@type":"ListItem","position":3,"name":"Gemischtes Gebäck 250g"}]},{"@type":"WebSite","@id":"https://www.matildevicenzi.com/de/#website","url":"https://www.matildevicenzi.com/de/","name":"Matilde Vicenzi S.p.A.","description":"Italienisches Feingebäckseit 1905","publisher":{"@id":"https://www.matildevicenzi.com/de/#organization"},"potentialAction":[{"@type":"SearchAction","target":{"@type":"EntryPoint","urlTemplate":"https://www.matildevicenzi.com/de/?s={search_term_string}"},"query-input":{"@type":"PropertyValueSpecification","valueRequired":true,"valueName":"search_term_string"}}],"inLanguage":"en-US"},{"@type":"Organization","@id":"https://www.matildevicenzi.com/de/#organization","name":"Matilde Vicenzi S.p.A.","url":"https://www.matildevicenzi.com/de/","logo":{"@type":"ImageObject","inLanguage":"en-US","@id":"https://www.matildevicenzi.com/de/#/schema/logo/image/","url":"https://www.matildevicenzi.com/de/wp-content/uploads/sites/2/2023/06/matilde_logo_new.png","contentUrl":"https://www.matildevicenzi.com/de/wp-content/uploads/sites/2/2023/06/matilde_logo_new.png","width":606,"height":606,"caption":"Matilde Vicenzi S.p.A."},"image":{"@id":"https://www.matildevicenzi.com/de/#/schema/logo/image/"}}]}</script>
<!-- / Yoast SEO plugin. -->

Gemischtes Gebäck 250g | Shortbread & Coockies | Matilde Vicenzi S.p.A.

Italienisches Feingebäckseit 1905
