{"id":74,"date":"2016-11-24T01:21:03","date_gmt":"2016-11-24T01:21:03","guid":{"rendered":"http:\/\/kinademo.tk\/matildevicenzi\/?post_type=matilde-mag&#038;p=74"},"modified":"2022-06-22T14:38:27","modified_gmt":"2022-06-22T14:38:27","slug":"the-big-star-in-piazza-bra-lights-up-again","status":"publish","type":"matilde-mag","link":"https:\/\/www.matildevicenzi.com\/es\/matilde-mag\/vuelve-a-encenderse-la-estrella-fugaz-en-piazza-bra\/","title":{"rendered":"Vuelve a encenderse la estrella fugaz en Piazza Bra"},"content":{"rendered":"<p>Gracias al apoyo de Matilde Vicenzi, todos los a\u00f1os se llevan a cabo los tradicionales preparativos para Navidad que hacen de Piazza Bra de Verona el lugar de encuentro preferido de adultos y ni\u00f1os, j\u00f3venes y familias, donde se puede saborear todo el encanto y la atm\u00f3sfera de las fiestas navide\u00f1as.<\/p>\n<p>Hace ya 31 a\u00f1os que la estrella fugaz de acero \u2014la arquiescultura m\u00e1s grande del mundo, dise\u00f1ada por Rinaldo Olivieri bas\u00e1ndose en la idea de Alfredo Troisi\u2014 lleva adelante la tradici\u00f3n de las celebraciones de Navidad. Adem\u00e1s, completa la instalaci\u00f3n la muestra de Belenes de todo el mundo,<\/p>\n<p>que se han convertido en uno de los s\u00edmbolos m\u00e1s importantes de la Navidad en Verona\u00a0\u00a0 y representan para sus ciudadannos una hist\u00f3rica tradici\u00f3n que aporta una se\u00f1al de alegr\u00eda y serenidad.<\/p>\n<p>Giuseppe Vicenzi, siempre en primera l\u00ednea para apoyar y promover la imagen de su ciudad en todo el mundo, afirm\u00f3 que estaba \u201corgulloso de sostener el compromiso de la fundaci\u00f3n de 'Verona per l\u2019Arena' para aportar a la ciudad y al turismo una iniciativa de gran valor simb\u00f3lico y cultural como es la estrella fugaz de acero, la cual se ha convertido en la representaci\u00f3n de Verona en todo el mundo\".<\/p>\n","protected":false},"excerpt":{"rendered":"<p>Gracias al apoyo de Matilde Vicenzi, todos los a\u00f1os se llevan a cabo los tradicionales preparativos para Navidad que hacen de Piazza Bra de Verona el lugar de encuentro preferido de adultos y ni\u00f1os, j\u00f3venes y familias, donde se puede saborear todo el encanto y la atm\u00f3sfera de las fiestas navide\u00f1as. Hace ya 31 a\u00f1os [&hellip;]<\/p>\n","protected":false},"featured_media":78,"template":"","meta":{"_acf_changed":false,"inline_featured_image":false,"footnotes":""},"categoria_mag":[97],"class_list":["post-74","matilde-mag","type-matilde-mag","status-publish","has-post-thumbnail","hentry","categoria_mag-noticias-y-eventos"],"acf":[],"yoast_head":"<!-- This site is optimized with the Yoast SEO plugin v26.2 - https:\/\/yoast.com\/wordpress\/plugins\/seo\/ -->\n<title>Vuelve a encenderse la estrella fugaz en Piazza Bra<\/title>\n<meta name=\"robots\" content=\"index, follow, max-snippet:-1, max-image-preview:large, max-video-preview:-1\" \/>\n<link rel=\"canonical\" href=\"https:\/\/www.matildevicenzi.com\/es\/matilde-mag\/vuelve-a-encenderse-la-estrella-fugaz-en-piazza-bra\/\" \/>\n<meta property=\"og:locale\" content=\"es_ES\" \/>\n<meta property=\"og:type\" content=\"article\" \/>\n<meta property=\"og:title\" content=\"Vuelve a encenderse la estrella fugaz en Piazza Bra\" \/>\n<meta property=\"og:description\" content=\"Gracias al apoyo de Matilde Vicenzi, todos los a\u00f1os se llevan a cabo los tradicionales preparativos para Navidad que hacen de Piazza Bra de Verona el lugar de encuentro preferido de adultos y ni\u00f1os, j\u00f3venes y familias, donde se puede saborear todo el encanto y la atm\u00f3sfera de las fiestas navide\u00f1as. Hace ya 31 a\u00f1os [&hellip;]\" \/>\n<meta property=\"og:url\" content=\"https:\/\/www.matildevicenzi.com\/es\/matilde-mag\/vuelve-a-encenderse-la-estrella-fugaz-en-piazza-bra\/\" \/>\n<meta property=\"og:site_name\" content=\"Matilde Vicenzi S.p.A.\" \/>\n<meta property=\"article:modified_time\" content=\"2022-06-22T14:38:27+00:00\" \/>\n<meta property=\"og:image\" content=\"https:\/\/www.matildevicenzi.com\/es\/wp-content\/uploads\/sites\/17\/2017\/05\/Header-Stella_1_1.jpg\" \/>\n\t<meta property=\"og:image:width\" content=\"2000\" \/>\n\t<meta property=\"og:image:height\" content=\"1335\" \/>\n\t<meta property=\"og:image:type\" content=\"image\/jpeg\" \/>\n<meta name=\"twitter:card\" content=\"summary_large_image\" \/>\n<meta name=\"twitter:label1\" content=\"Tiempo de lectura\" \/>\n\t<meta name=\"twitter:data1\" content=\"1 minuto\" \/>\n<script type=\"application\/ld+json\" class=\"yoast-schema-graph\">{\"@context\":\"https:\/\/schema.org\",\"@graph\":[{\"@type\":\"WebPage\",\"@id\":\"https:\/\/www.matildevicenzi.com\/es\/matilde-mag\/vuelve-a-encenderse-la-estrella-fugaz-en-piazza-bra\/\",\"url\":\"https:\/\/www.matildevicenzi.com\/es\/matilde-mag\/vuelve-a-encenderse-la-estrella-fugaz-en-piazza-bra\/\",\"name\":\"Vuelve a encenderse la estrella fugaz en Piazza Bra\",\"isPartOf\":{\"@id\":\"https:\/\/www.matildevicenzi.com\/es\/#website\"},\"primaryImageOfPage\":{\"@id\":\"https:\/\/www.matildevicenzi.com\/es\/matilde-mag\/vuelve-a-encenderse-la-estrella-fugaz-en-piazza-bra\/#primaryimage\"},\"image\":{\"@id\":\"https:\/\/www.matildevicenzi.com\/es\/matilde-mag\/vuelve-a-encenderse-la-estrella-fugaz-en-piazza-bra\/#primaryimage\"},\"thumbnailUrl\":\"https:\/\/www.matildevicenzi.com\/es\/wp-content\/uploads\/sites\/17\/2017\/05\/Header-Stella_1_1.jpg\",\"datePublished\":\"2016-11-24T01:21:03+00:00\",\"dateModified\":\"2022-06-22T14:38:27+00:00\",\"breadcrumb\":{\"@id\":\"https:\/\/www.matildevicenzi.com\/es\/matilde-mag\/vuelve-a-encenderse-la-estrella-fugaz-en-piazza-bra\/#breadcrumb\"},\"inLanguage\":\"es\",\"potentialAction\":[{\"@type\":\"ReadAction\",\"target\":[\"https:\/\/www.matildevicenzi.com\/es\/matilde-mag\/vuelve-a-encenderse-la-estrella-fugaz-en-piazza-bra\/\"]}]},{\"@type\":\"ImageObject\",\"inLanguage\":\"es\",\"@id\":\"https:\/\/www.matildevicenzi.com\/es\/matilde-mag\/vuelve-a-encenderse-la-estrella-fugaz-en-piazza-bra\/#primaryimage\",\"url\":\"https:\/\/www.matildevicenzi.com\/es\/wp-content\/uploads\/sites\/17\/2017\/05\/Header-Stella_1_1.jpg\",\"contentUrl\":\"https:\/\/www.matildevicenzi.com\/es\/wp-content\/uploads\/sites\/17\/2017\/05\/Header-Stella_1_1.jpg\",\"width\":2000,\"height\":1335},{\"@type\":\"BreadcrumbList\",\"@id\":\"https:\/\/www.matildevicenzi.com\/es\/matilde-mag\/vuelve-a-encenderse-la-estrella-fugaz-en-piazza-bra\/#breadcrumb\",\"itemListElement\":[{\"@type\":\"ListItem\",\"position\":1,\"name\":\"Home\",\"item\":\"https:\/\/www.matildevicenzi.com\/es\/\"},{\"@type\":\"ListItem\",\"position\":2,\"name\":\"El blog de Matilde\",\"item\":\"https:\/\/www.matildevicenzi.com\/es\/blog\/matilde-mag\/\"},{\"@type\":\"ListItem\",\"position\":3,\"name\":\"Vuelve a encenderse la estrella fugaz en Piazza Bra\"}]},{\"@type\":\"WebSite\",\"@id\":\"https:\/\/www.matildevicenzi.com\/es\/#website\",\"url\":\"https:\/\/www.matildevicenzi.com\/es\/\",\"name\":\"Matilde Vicenzi S.p.A.\",\"description\":\"Pasteler\u00eda fina italiana desde 1905\",\"publisher\":{\"@id\":\"https:\/\/www.matildevicenzi.com\/es\/#organization\"},\"potentialAction\":[{\"@type\":\"SearchAction\",\"target\":{\"@type\":\"EntryPoint\",\"urlTemplate\":\"https:\/\/www.matildevicenzi.com\/es\/?s={search_term_string}\"},\"query-input\":{\"@type\":\"PropertyValueSpecification\",\"valueRequired\":true,\"valueName\":\"search_term_string\"}}],\"inLanguage\":\"es\"},{\"@type\":\"Organization\",\"@id\":\"https:\/\/www.matildevicenzi.com\/es\/#organization\",\"name\":\"Matilde Vicenzi S.p.A.\",\"url\":\"https:\/\/www.matildevicenzi.com\/es\/\",\"logo\":{\"@type\":\"ImageObject\",\"inLanguage\":\"es\",\"@id\":\"https:\/\/www.matildevicenzi.com\/es\/#\/schema\/logo\/image\/\",\"url\":\"https:\/\/www.matildevicenzi.com\/es\/wp-content\/uploads\/sites\/17\/2023\/06\/matilde_logo_new.png\",\"contentUrl\":\"https:\/\/www.matildevicenzi.com\/es\/wp-content\/uploads\/sites\/17\/2023\/06\/matilde_logo_new.png\",\"width\":606,\"height\":606,\"caption\":\"Matilde Vicenzi S.p.A.\"},\"image\":{\"@id\":\"https:\/\/www.matildevicenzi.com\/es\/#\/schema\/logo\/image\/\"}}]}<\/script>\n<!-- \/ Yoast SEO plugin. -->","yoast_head_json":{"title":"Vuelve a encenderse la estrella fugaz en Piazza Bra","robots":{"index":"index","follow":"follow","max-snippet":"max-snippet:-1","max-image-preview":"max-image-preview:large","max-video-preview":"max-video-preview:-1"},"canonical":"https:\/\/www.matildevicenzi.com\/es\/matilde-mag\/vuelve-a-encenderse-la-estrella-fugaz-en-piazza-bra\/","og_locale":"es_ES","og_type":"article","og_title":"Vuelve a encenderse la estrella fugaz en Piazza Bra","og_description":"Gracias al apoyo de Matilde Vicenzi, todos los a\u00f1os se llevan a cabo los tradicionales preparativos para Navidad que hacen de Piazza Bra de Verona el lugar de encuentro preferido de adultos y ni\u00f1os, j\u00f3venes y familias, donde se puede saborear todo el encanto y la atm\u00f3sfera de las fiestas navide\u00f1as. Hace ya 31 a\u00f1os [&hellip;]","og_url":"https:\/\/www.matildevicenzi.com\/es\/matilde-mag\/vuelve-a-encenderse-la-estrella-fugaz-en-piazza-bra\/","og_site_name":"Matilde Vicenzi S.p.A.","article_modified_time":"2022-06-22T14:38:27+00:00","og_image":[{"width":2000,"height":1335,"url":"https:\/\/www.matildevicenzi.com\/es\/wp-content\/uploads\/sites\/17\/2017\/05\/Header-Stella_1_1.jpg","type":"image\/jpeg"}],"twitter_card":"summary_large_image","twitter_misc":{"Tiempo de lectura":"1 minuto"},"schema":{"@context":"https:\/\/schema.org","@graph":[{"@type":"WebPage","@id":"https:\/\/www.matildevicenzi.com\/es\/matilde-mag\/vuelve-a-encenderse-la-estrella-fugaz-en-piazza-bra\/","url":"https:\/\/www.matildevicenzi.com\/es\/matilde-mag\/vuelve-a-encenderse-la-estrella-fugaz-en-piazza-bra\/","name":"Vuelve a encenderse la estrella fugaz en Piazza Bra","isPartOf":{"@id":"https:\/\/www.matildevicenzi.com\/es\/#website"},"primaryImageOfPage":{"@id":"https:\/\/www.matildevicenzi.com\/es\/matilde-mag\/vuelve-a-encenderse-la-estrella-fugaz-en-piazza-bra\/#primaryimage"},"image":{"@id":"https:\/\/www.matildevicenzi.com\/es\/matilde-mag\/vuelve-a-encenderse-la-estrella-fugaz-en-piazza-bra\/#primaryimage"},"thumbnailUrl":"https:\/\/www.matildevicenzi.com\/es\/wp-content\/uploads\/sites\/17\/2017\/05\/Header-Stella_1_1.jpg","datePublished":"2016-11-24T01:21:03+00:00","dateModified":"2022-06-22T14:38:27+00:00","breadcrumb":{"@id":"https:\/\/www.matildevicenzi.com\/es\/matilde-mag\/vuelve-a-encenderse-la-estrella-fugaz-en-piazza-bra\/#breadcrumb"},"inLanguage":"es","potentialAction":[{"@type":"ReadAction","target":["https:\/\/www.matildevicenzi.com\/es\/matilde-mag\/vuelve-a-encenderse-la-estrella-fugaz-en-piazza-bra\/"]}]},{"@type":"ImageObject","inLanguage":"es","@id":"https:\/\/www.matildevicenzi.com\/es\/matilde-mag\/vuelve-a-encenderse-la-estrella-fugaz-en-piazza-bra\/#primaryimage","url":"https:\/\/www.matildevicenzi.com\/es\/wp-content\/uploads\/sites\/17\/2017\/05\/Header-Stella_1_1.jpg","contentUrl":"https:\/\/www.matildevicenzi.com\/es\/wp-content\/uploads\/sites\/17\/2017\/05\/Header-Stella_1_1.jpg","width":2000,"height":1335},{"@type":"BreadcrumbList","@id":"https:\/\/www.matildevicenzi.com\/es\/matilde-mag\/vuelve-a-encenderse-la-estrella-fugaz-en-piazza-bra\/#breadcrumb","itemListElement":[{"@type":"ListItem","position":1,"name":"Home","item":"https:\/\/www.matildevicenzi.com\/es\/"},{"@type":"ListItem","position":2,"name":"El blog de Matilde","item":"https:\/\/www.matildevicenzi.com\/es\/blog\/matilde-mag\/"},{"@type":"ListItem","position":3,"name":"Vuelve a encenderse la estrella fugaz en Piazza Bra"}]},{"@type":"WebSite","@id":"https:\/\/www.matildevicenzi.com\/es\/#website","url":"https:\/\/www.matildevicenzi.com\/es\/","name":"Matilde Vicenzi S.p.A.","description":"Pasteler\u00eda fina italiana desde 1905","publisher":{"@id":"https:\/\/www.matildevicenzi.com\/es\/#organization"},"potentialAction":[{"@type":"SearchAction","target":{"@type":"EntryPoint","urlTemplate":"https:\/\/www.matildevicenzi.com\/es\/?s={search_term_string}"},"query-input":{"@type":"PropertyValueSpecification","valueRequired":true,"valueName":"search_term_string"}}],"inLanguage":"es"},{"@type":"Organization","@id":"https:\/\/www.matildevicenzi.com\/es\/#organization","name":"Matilde Vicenzi S.p.A.","url":"https:\/\/www.matildevicenzi.com\/es\/","logo":{"@type":"ImageObject","inLanguage":"es","@id":"https:\/\/www.matildevicenzi.com\/es\/#\/schema\/logo\/image\/","url":"https:\/\/www.matildevicenzi.com\/es\/wp-content\/uploads\/sites\/17\/2023\/06\/matilde_logo_new.png","contentUrl":"https:\/\/www.matildevicenzi.com\/es\/wp-content\/uploads\/sites\/17\/2023\/06\/matilde_logo_new.png","width":606,"height":606,"caption":"Matilde Vicenzi S.p.A."},"image":{"@id":"https:\/\/www.matildevicenzi.com\/es\/#\/schema\/logo\/image\/"}}]}},"_links":{"self":[{"href":"https:\/\/www.matildevicenzi.com\/es\/wp-json\/wp\/v2\/matilde-mag\/74","targetHints":{"allow":["GET"]}}],"collection":[{"href":"https:\/\/www.matildevicenzi.com\/es\/wp-json\/wp\/v2\/matilde-mag"}],"about":[{"href":"https:\/\/www.matildevicenzi.com\/es\/wp-json\/wp\/v2\/types\/matilde-mag"}],"version-history":[{"count":2,"href":"https:\/\/www.matildevicenzi.com\/es\/wp-json\/wp\/v2\/matilde-mag\/74\/revisions"}],"predecessor-version":[{"id":40326,"href":"https:\/\/www.matildevicenzi.com\/es\/wp-json\/wp\/v2\/matilde-mag\/74\/revisions\/40326"}],"wp:featuredmedia":[{"embeddable":true,"href":"https:\/\/www.matildevicenzi.com\/es\/wp-json\/wp\/v2\/media\/78"}],"wp:attachment":[{"href":"https:\/\/www.matildevicenzi.com\/es\/wp-json\/wp\/v2\/media?parent=74"}],"wp:term":[{"taxonomy":"categoria_mag","embeddable":true,"href":"https:\/\/www.matildevicenzi.com\/es\/wp-json\/wp\/v2\/categoria_mag?post=74"}],"curies":[{"name":"wp","href":"https:\/\/api.w.org\/{rel}","templated":true}]}}

<p>Gracias al apoyo de Matilde Vicenzi, todos los años se llevan a cabo los tradicionales preparativos para Navidad que hacen de Piazza Bra de Verona el lugar de encuentro preferido de adultos y niños, jóvenes y familias, donde se puede saborear todo el encanto y la atmósfera de las fiestas navideñas.</p>
<p>Hace ya 31 años que la estrella fugaz de acero —la arquiescultura más grande del mundo, diseñada por Rinaldo Olivieri basándose en la idea de Alfredo Troisi— lleva adelante la tradición de las celebraciones de Navidad. Además, completa la instalación la muestra de Belenes de todo el mundo,</p>
<p>que se han convertido en uno de los símbolos más importantes de la Navidad en Verona   y representan para sus ciudadannos una histórica tradición que aporta una señal de alegría y serenidad.</p>
<p>Giuseppe Vicenzi, siempre en primera línea para apoyar y promover la imagen de su ciudad en todo el mundo, afirmó que estaba “orgulloso de sostener el compromiso de la fundación de 'Verona per l’Arena' para aportar a la ciudad y al turismo una iniciativa de gran valor simbólico y cultural como es la estrella fugaz de acero, la cual se ha convertido en la representación de Verona en todo el mundo".</p>

<p>Gracias al apoyo de Matilde Vicenzi, todos los años se llevan a cabo los tradicionales preparativos para Navidad que hacen de Piazza Bra de Verona el lugar de encuentro preferido de adultos y niños, jóvenes y familias, donde se puede saborear todo el encanto y la atmósfera de las fiestas navideñas. Hace ya 31 años [&hellip;]</p>

<!-- This site is optimized with the Yoast SEO plugin v26.2 - https://yoast.com/wordpress/plugins/seo/ -->
<title>Vuelve a encenderse la estrella fugaz en Piazza Bra</title>
<meta name="robots" content="index, follow, max-snippet:-1, max-image-preview:large, max-video-preview:-1" />
<link rel="canonical" href="https://www.matildevicenzi.com/es/matilde-mag/vuelve-a-encenderse-la-estrella-fugaz-en-piazza-bra/" />
<meta property="og:locale" content="es_ES" />
<meta property="og:type" content="article" />
<meta property="og:title" content="Vuelve a encenderse la estrella fugaz en Piazza Bra" />
<meta property="og:description" content="Gracias al apoyo de Matilde Vicenzi, todos los años se llevan a cabo los tradicionales preparativos para Navidad que hacen de Piazza Bra de Verona el lugar de encuentro preferido de adultos y niños, jóvenes y familias, donde se puede saborear todo el encanto y la atmósfera de las fiestas navideñas. Hace ya 31 años [&hellip;]" />
<meta property="og:url" content="https://www.matildevicenzi.com/es/matilde-mag/vuelve-a-encenderse-la-estrella-fugaz-en-piazza-bra/" />
<meta property="og:site_name" content="Matilde Vicenzi S.p.A." />
<meta property="article:modified_time" content="2022-06-22T14:38:27+00:00" />
<meta property="og:image" content="https://www.matildevicenzi.com/es/wp-content/uploads/sites/17/2017/05/Header-Stella_1_1.jpg" />
	<meta property="og:image:width" content="2000" />
	<meta property="og:image:height" content="1335" />
	<meta property="og:image:type" content="image/jpeg" />
<meta name="twitter:card" content="summary_large_image" />
<meta name="twitter:label1" content="Tiempo de lectura" />
	<meta name="twitter:data1" content="1 minuto" />
<script type="application/ld+json" class="yoast-schema-graph">{"@context":"https://schema.org","@graph":[{"@type":"WebPage","@id":"https://www.matildevicenzi.com/es/matilde-mag/vuelve-a-encenderse-la-estrella-fugaz-en-piazza-bra/","url":"https://www.matildevicenzi.com/es/matilde-mag/vuelve-a-encenderse-la-estrella-fugaz-en-piazza-bra/","name":"Vuelve a encenderse la estrella fugaz en Piazza Bra","isPartOf":{"@id":"https://www.matildevicenzi.com/es/#website"},"primaryImageOfPage":{"@id":"https://www.matildevicenzi.com/es/matilde-mag/vuelve-a-encenderse-la-estrella-fugaz-en-piazza-bra/#primaryimage"},"image":{"@id":"https://www.matildevicenzi.com/es/matilde-mag/vuelve-a-encenderse-la-estrella-fugaz-en-piazza-bra/#primaryimage"},"thumbnailUrl":"https://www.matildevicenzi.com/es/wp-content/uploads/sites/17/2017/05/Header-Stella_1_1.jpg","datePublished":"2016-11-24T01:21:03+00:00","dateModified":"2022-06-22T14:38:27+00:00","breadcrumb":{"@id":"https://www.matildevicenzi.com/es/matilde-mag/vuelve-a-encenderse-la-estrella-fugaz-en-piazza-bra/#breadcrumb"},"inLanguage":"es","potentialAction":[{"@type":"ReadAction","target":["https://www.matildevicenzi.com/es/matilde-mag/vuelve-a-encenderse-la-estrella-fugaz-en-piazza-bra/"]}]},{"@type":"ImageObject","inLanguage":"es","@id":"https://www.matildevicenzi.com/es/matilde-mag/vuelve-a-encenderse-la-estrella-fugaz-en-piazza-bra/#primaryimage","url":"https://www.matildevicenzi.com/es/wp-content/uploads/sites/17/2017/05/Header-Stella_1_1.jpg","contentUrl":"https://www.matildevicenzi.com/es/wp-content/uploads/sites/17/2017/05/Header-Stella_1_1.jpg","width":2000,"height":1335},{"@type":"BreadcrumbList","@id":"https://www.matildevicenzi.com/es/matilde-mag/vuelve-a-encenderse-la-estrella-fugaz-en-piazza-bra/#breadcrumb","itemListElement":[{"@type":"ListItem","position":1,"name":"Home","item":"https://www.matildevicenzi.com/es/"},{"@type":"ListItem","position":2,"name":"El blog de Matilde","item":"https://www.matildevicenzi.com/es/blog/matilde-mag/"},{"@type":"ListItem","position":3,"name":"Vuelve a encenderse la estrella fugaz en Piazza Bra"}]},{"@type":"WebSite","@id":"https://www.matildevicenzi.com/es/#website","url":"https://www.matildevicenzi.com/es/","name":"Matilde Vicenzi S.p.A.","description":"Pastelería fina italiana desde 1905","publisher":{"@id":"https://www.matildevicenzi.com/es/#organization"},"potentialAction":[{"@type":"SearchAction","target":{"@type":"EntryPoint","urlTemplate":"https://www.matildevicenzi.com/es/?s={search_term_string}"},"query-input":{"@type":"PropertyValueSpecification","valueRequired":true,"valueName":"search_term_string"}}],"inLanguage":"es"},{"@type":"Organization","@id":"https://www.matildevicenzi.com/es/#organization","name":"Matilde Vicenzi S.p.A.","url":"https://www.matildevicenzi.com/es/","logo":{"@type":"ImageObject","inLanguage":"es","@id":"https://www.matildevicenzi.com/es/#/schema/logo/image/","url":"https://www.matildevicenzi.com/es/wp-content/uploads/sites/17/2023/06/matilde_logo_new.png","contentUrl":"https://www.matildevicenzi.com/es/wp-content/uploads/sites/17/2023/06/matilde_logo_new.png","width":606,"height":606,"caption":"Matilde Vicenzi S.p.A."},"image":{"@id":"https://www.matildevicenzi.com/es/#/schema/logo/image/"}}]}</script>
<!-- / Yoast SEO plugin. -->

Gracias al apoyo de Matilde Vicenzi, todos los años se llevan a cabo los tradicionales preparativos para Navidad que hacen de Piazza Bra de Verona el lugar de encuentro preferido de adultos y niños, jóvenes y familias, donde se puede saborear todo el encanto y la atmósfera de las fiestas navideñas. Hace ya 31 años [&hellip;]

Pastelería fina italiana desde 1905
