{"id":6548,"date":"2020-10-28T08:04:17","date_gmt":"2020-10-28T08:04:17","guid":{"rendered":"http:\/\/matilde.kina.it\/?post_type=prodotto&#038;p=6548"},"modified":"2024-08-09T13:01:13","modified_gmt":"2024-08-09T13:01:13","slug":"amaretti-cookies-175g","status":"publish","type":"producto","link":"https:\/\/www.matildevicenzi.com\/es\/producto\/galletas-amaretti-175-g\/","title":{"rendered":"Galletas Amaretti 175 g"},"content":{"rendered":"\n<p>El Amaretto&nbsp;di Matilde&nbsp;en su pr\u00e1ctico paquete de 175 g es uno de los productos m\u00e1s populares de la tradici\u00f3n pastelera italiana.&nbsp;<strong>Enriquecido con almendras sicilianas<\/strong>, debe su caracter\u00edstico <strong>sabor agridulce<\/strong> a las <strong>semillas de albaricoque<\/strong>. Perfectas en cualquier momento del d\u00eda, solas o acompa\u00f1adas de una taza de t\u00e9 o caf\u00e9, estas galletas constituyen tambi\u00e9n un delicioso ingrediente para dar un toque goloso a tus postres, tanto cremosos como horneados.<\/p>\n","protected":false},"excerpt":{"rendered":"<p>El Amaretto&nbsp;di Matilde&nbsp;en su pr\u00e1ctico paquete de 175 g es uno de los productos m\u00e1s populares de la tradici\u00f3n pastelera italiana.&nbsp;Enriquecido con almendras sicilianas, debe su caracter\u00edstico sabor agridulce a las semillas de albaricoque. Perfectas en cualquier momento del d\u00eda, solas o acompa\u00f1adas de una taza de t\u00e9 o caf\u00e9, estas galletas constituyen tambi\u00e9n un [&hellip;]<\/p>\n","protected":false},"featured_media":41265,"parent":0,"template":"","meta":{"_acf_changed":false,"inline_featured_image":false},"tipologia":[51],"class_list":["post-6548","producto","type-producto","status-publish","has-post-thumbnail","hentry","tipologia-amaretto-di-matilde"],"acf":[],"yoast_head":"<!-- This site is optimized with the Yoast SEO plugin v26.2 - https:\/\/yoast.com\/wordpress\/plugins\/seo\/ -->\n<title>Galletas Amaretti 175 g - Matilde Vicenzi S.p.A.<\/title>\n<meta name=\"robots\" content=\"index, follow, max-snippet:-1, max-image-preview:large, max-video-preview:-1\" \/>\n<link rel=\"canonical\" href=\"https:\/\/www.matildevicenzi.com\/es\/producto\/galletas-amaretti-175-g\/\" \/>\n<meta property=\"og:locale\" content=\"es_ES\" \/>\n<meta property=\"og:type\" content=\"article\" \/>\n<meta property=\"og:title\" content=\"Galletas Amaretti 175 g - Matilde Vicenzi S.p.A.\" \/>\n<meta property=\"og:description\" content=\"El Amaretto&nbsp;di Matilde&nbsp;en su pr\u00e1ctico paquete de 175 g es uno de los productos m\u00e1s populares de la tradici\u00f3n pastelera italiana.&nbsp;Enriquecido con almendras sicilianas, debe su caracter\u00edstico sabor agridulce a las semillas de albaricoque. Perfectas en cualquier momento del d\u00eda, solas o acompa\u00f1adas de una taza de t\u00e9 o caf\u00e9, estas galletas constituyen tambi\u00e9n un [&hellip;]\" \/>\n<meta property=\"og:url\" content=\"https:\/\/www.matildevicenzi.com\/es\/producto\/galletas-amaretti-175-g\/\" \/>\n<meta property=\"og:site_name\" content=\"Matilde Vicenzi S.p.A.\" \/>\n<meta property=\"article:modified_time\" content=\"2024-08-09T13:01:13+00:00\" \/>\n<meta property=\"og:image\" content=\"https:\/\/www.matildevicenzi.com\/es\/wp-content\/uploads\/sites\/17\/2023\/09\/Amaretto-175g.png\" \/>\n\t<meta property=\"og:image:width\" content=\"1000\" \/>\n\t<meta property=\"og:image:height\" content=\"1000\" \/>\n\t<meta property=\"og:image:type\" content=\"image\/png\" \/>\n<meta name=\"twitter:card\" content=\"summary_large_image\" \/>\n<meta name=\"twitter:label1\" content=\"Tiempo de lectura\" \/>\n\t<meta name=\"twitter:data1\" content=\"1 minuto\" \/>\n<script type=\"application\/ld+json\" class=\"yoast-schema-graph\">{\"@context\":\"https:\/\/schema.org\",\"@graph\":[{\"@type\":\"WebPage\",\"@id\":\"https:\/\/www.matildevicenzi.com\/es\/producto\/galletas-amaretti-175-g\/\",\"url\":\"https:\/\/www.matildevicenzi.com\/es\/producto\/galletas-amaretti-175-g\/\",\"name\":\"Galletas Amaretti 175 g - Matilde Vicenzi S.p.A.\",\"isPartOf\":{\"@id\":\"https:\/\/www.matildevicenzi.com\/es\/#website\"},\"primaryImageOfPage\":{\"@id\":\"https:\/\/www.matildevicenzi.com\/es\/producto\/galletas-amaretti-175-g\/#primaryimage\"},\"image\":{\"@id\":\"https:\/\/www.matildevicenzi.com\/es\/producto\/galletas-amaretti-175-g\/#primaryimage\"},\"thumbnailUrl\":\"https:\/\/www.matildevicenzi.com\/es\/wp-content\/uploads\/sites\/17\/2023\/09\/Amaretto-175g.png\",\"datePublished\":\"2020-10-28T08:04:17+00:00\",\"dateModified\":\"2024-08-09T13:01:13+00:00\",\"breadcrumb\":{\"@id\":\"https:\/\/www.matildevicenzi.com\/es\/producto\/galletas-amaretti-175-g\/#breadcrumb\"},\"inLanguage\":\"es\",\"potentialAction\":[{\"@type\":\"ReadAction\",\"target\":[\"https:\/\/www.matildevicenzi.com\/es\/producto\/galletas-amaretti-175-g\/\"]}]},{\"@type\":\"ImageObject\",\"inLanguage\":\"es\",\"@id\":\"https:\/\/www.matildevicenzi.com\/es\/producto\/galletas-amaretti-175-g\/#primaryimage\",\"url\":\"https:\/\/www.matildevicenzi.com\/es\/wp-content\/uploads\/sites\/17\/2023\/09\/Amaretto-175g.png\",\"contentUrl\":\"https:\/\/www.matildevicenzi.com\/es\/wp-content\/uploads\/sites\/17\/2023\/09\/Amaretto-175g.png\",\"width\":1000,\"height\":1000},{\"@type\":\"BreadcrumbList\",\"@id\":\"https:\/\/www.matildevicenzi.com\/es\/producto\/galletas-amaretti-175-g\/#breadcrumb\",\"itemListElement\":[{\"@type\":\"ListItem\",\"position\":1,\"name\":\"Home\",\"item\":\"https:\/\/www.matildevicenzi.com\/es\/\"},{\"@type\":\"ListItem\",\"position\":2,\"name\":\"Productos\",\"item\":\"https:\/\/www.matildevicenzi.com\/es\/blog\/product\/\"},{\"@type\":\"ListItem\",\"position\":3,\"name\":\"Galletas Amaretti 175 g\"}]},{\"@type\":\"WebSite\",\"@id\":\"https:\/\/www.matildevicenzi.com\/es\/#website\",\"url\":\"https:\/\/www.matildevicenzi.com\/es\/\",\"name\":\"Matilde Vicenzi S.p.A.\",\"description\":\"Pasteler\u00eda fina italiana desde 1905\",\"publisher\":{\"@id\":\"https:\/\/www.matildevicenzi.com\/es\/#organization\"},\"potentialAction\":[{\"@type\":\"SearchAction\",\"target\":{\"@type\":\"EntryPoint\",\"urlTemplate\":\"https:\/\/www.matildevicenzi.com\/es\/?s={search_term_string}\"},\"query-input\":{\"@type\":\"PropertyValueSpecification\",\"valueRequired\":true,\"valueName\":\"search_term_string\"}}],\"inLanguage\":\"es\"},{\"@type\":\"Organization\",\"@id\":\"https:\/\/www.matildevicenzi.com\/es\/#organization\",\"name\":\"Matilde Vicenzi S.p.A.\",\"url\":\"https:\/\/www.matildevicenzi.com\/es\/\",\"logo\":{\"@type\":\"ImageObject\",\"inLanguage\":\"es\",\"@id\":\"https:\/\/www.matildevicenzi.com\/es\/#\/schema\/logo\/image\/\",\"url\":\"https:\/\/www.matildevicenzi.com\/es\/wp-content\/uploads\/sites\/17\/2023\/06\/matilde_logo_new.png\",\"contentUrl\":\"https:\/\/www.matildevicenzi.com\/es\/wp-content\/uploads\/sites\/17\/2023\/06\/matilde_logo_new.png\",\"width\":606,\"height\":606,\"caption\":\"Matilde Vicenzi S.p.A.\"},\"image\":{\"@id\":\"https:\/\/www.matildevicenzi.com\/es\/#\/schema\/logo\/image\/\"}}]}<\/script>\n<!-- \/ Yoast SEO plugin. -->","yoast_head_json":{"title":"Galletas Amaretti 175 g - Matilde Vicenzi S.p.A.","robots":{"index":"index","follow":"follow","max-snippet":"max-snippet:-1","max-image-preview":"max-image-preview:large","max-video-preview":"max-video-preview:-1"},"canonical":"https:\/\/www.matildevicenzi.com\/es\/producto\/galletas-amaretti-175-g\/","og_locale":"es_ES","og_type":"article","og_title":"Galletas Amaretti 175 g - Matilde Vicenzi S.p.A.","og_description":"El Amaretto&nbsp;di Matilde&nbsp;en su pr\u00e1ctico paquete de 175 g es uno de los productos m\u00e1s populares de la tradici\u00f3n pastelera italiana.&nbsp;Enriquecido con almendras sicilianas, debe su caracter\u00edstico sabor agridulce a las semillas de albaricoque. Perfectas en cualquier momento del d\u00eda, solas o acompa\u00f1adas de una taza de t\u00e9 o caf\u00e9, estas galletas constituyen tambi\u00e9n un [&hellip;]","og_url":"https:\/\/www.matildevicenzi.com\/es\/producto\/galletas-amaretti-175-g\/","og_site_name":"Matilde Vicenzi S.p.A.","article_modified_time":"2024-08-09T13:01:13+00:00","og_image":[{"width":1000,"height":1000,"url":"https:\/\/www.matildevicenzi.com\/es\/wp-content\/uploads\/sites\/17\/2023\/09\/Amaretto-175g.png","type":"image\/png"}],"twitter_card":"summary_large_image","twitter_misc":{"Tiempo de lectura":"1 minuto"},"schema":{"@context":"https:\/\/schema.org","@graph":[{"@type":"WebPage","@id":"https:\/\/www.matildevicenzi.com\/es\/producto\/galletas-amaretti-175-g\/","url":"https:\/\/www.matildevicenzi.com\/es\/producto\/galletas-amaretti-175-g\/","name":"Galletas Amaretti 175 g - Matilde Vicenzi S.p.A.","isPartOf":{"@id":"https:\/\/www.matildevicenzi.com\/es\/#website"},"primaryImageOfPage":{"@id":"https:\/\/www.matildevicenzi.com\/es\/producto\/galletas-amaretti-175-g\/#primaryimage"},"image":{"@id":"https:\/\/www.matildevicenzi.com\/es\/producto\/galletas-amaretti-175-g\/#primaryimage"},"thumbnailUrl":"https:\/\/www.matildevicenzi.com\/es\/wp-content\/uploads\/sites\/17\/2023\/09\/Amaretto-175g.png","datePublished":"2020-10-28T08:04:17+00:00","dateModified":"2024-08-09T13:01:13+00:00","breadcrumb":{"@id":"https:\/\/www.matildevicenzi.com\/es\/producto\/galletas-amaretti-175-g\/#breadcrumb"},"inLanguage":"es","potentialAction":[{"@type":"ReadAction","target":["https:\/\/www.matildevicenzi.com\/es\/producto\/galletas-amaretti-175-g\/"]}]},{"@type":"ImageObject","inLanguage":"es","@id":"https:\/\/www.matildevicenzi.com\/es\/producto\/galletas-amaretti-175-g\/#primaryimage","url":"https:\/\/www.matildevicenzi.com\/es\/wp-content\/uploads\/sites\/17\/2023\/09\/Amaretto-175g.png","contentUrl":"https:\/\/www.matildevicenzi.com\/es\/wp-content\/uploads\/sites\/17\/2023\/09\/Amaretto-175g.png","width":1000,"height":1000},{"@type":"BreadcrumbList","@id":"https:\/\/www.matildevicenzi.com\/es\/producto\/galletas-amaretti-175-g\/#breadcrumb","itemListElement":[{"@type":"ListItem","position":1,"name":"Home","item":"https:\/\/www.matildevicenzi.com\/es\/"},{"@type":"ListItem","position":2,"name":"Productos","item":"https:\/\/www.matildevicenzi.com\/es\/blog\/product\/"},{"@type":"ListItem","position":3,"name":"Galletas Amaretti 175 g"}]},{"@type":"WebSite","@id":"https:\/\/www.matildevicenzi.com\/es\/#website","url":"https:\/\/www.matildevicenzi.com\/es\/","name":"Matilde Vicenzi S.p.A.","description":"Pasteler\u00eda fina italiana desde 1905","publisher":{"@id":"https:\/\/www.matildevicenzi.com\/es\/#organization"},"potentialAction":[{"@type":"SearchAction","target":{"@type":"EntryPoint","urlTemplate":"https:\/\/www.matildevicenzi.com\/es\/?s={search_term_string}"},"query-input":{"@type":"PropertyValueSpecification","valueRequired":true,"valueName":"search_term_string"}}],"inLanguage":"es"},{"@type":"Organization","@id":"https:\/\/www.matildevicenzi.com\/es\/#organization","name":"Matilde Vicenzi S.p.A.","url":"https:\/\/www.matildevicenzi.com\/es\/","logo":{"@type":"ImageObject","inLanguage":"es","@id":"https:\/\/www.matildevicenzi.com\/es\/#\/schema\/logo\/image\/","url":"https:\/\/www.matildevicenzi.com\/es\/wp-content\/uploads\/sites\/17\/2023\/06\/matilde_logo_new.png","contentUrl":"https:\/\/www.matildevicenzi.com\/es\/wp-content\/uploads\/sites\/17\/2023\/06\/matilde_logo_new.png","width":606,"height":606,"caption":"Matilde Vicenzi S.p.A."},"image":{"@id":"https:\/\/www.matildevicenzi.com\/es\/#\/schema\/logo\/image\/"}}]}},"_links":{"self":[{"href":"https:\/\/www.matildevicenzi.com\/es\/wp-json\/wp\/v2\/producto\/6548","targetHints":{"allow":["GET"]}}],"collection":[{"href":"https:\/\/www.matildevicenzi.com\/es\/wp-json\/wp\/v2\/producto"}],"about":[{"href":"https:\/\/www.matildevicenzi.com\/es\/wp-json\/wp\/v2\/types\/producto"}],"wp:featuredmedia":[{"embeddable":true,"href":"https:\/\/www.matildevicenzi.com\/es\/wp-json\/wp\/v2\/media\/41265"}],"wp:attachment":[{"href":"https:\/\/www.matildevicenzi.com\/es\/wp-json\/wp\/v2\/media?parent=6548"}],"wp:term":[{"taxonomy":"tipologia","embeddable":true,"href":"https:\/\/www.matildevicenzi.com\/es\/wp-json\/wp\/v2\/tipologia?post=6548"}],"curies":[{"name":"wp","href":"https:\/\/api.w.org\/{rel}","templated":true}]}}

<p>El Amaretto&nbsp;di Matilde&nbsp;en su práctico paquete de 175 g es uno de los productos más populares de la tradición pastelera italiana.&nbsp;<strong>Enriquecido con almendras sicilianas</strong>, debe su característico <strong>sabor agridulce</strong> a las <strong>semillas de albaricoque</strong>. Perfectas en cualquier momento del día, solas o acompañadas de una taza de té o café, estas galletas constituyen también un delicioso ingrediente para dar un toque goloso a tus postres, tanto cremosos como horneados.</p>

<p>El Amaretto&nbsp;di Matilde&nbsp;en su práctico paquete de 175 g es uno de los productos más populares de la tradición pastelera italiana.&nbsp;Enriquecido con almendras sicilianas, debe su característico sabor agridulce a las semillas de albaricoque. Perfectas en cualquier momento del día, solas o acompañadas de una taza de té o café, estas galletas constituyen también un [&hellip;]</p>

<!-- This site is optimized with the Yoast SEO plugin v26.2 - https://yoast.com/wordpress/plugins/seo/ -->
<title>Galletas Amaretti 175 g - Matilde Vicenzi S.p.A.</title>
<meta name="robots" content="index, follow, max-snippet:-1, max-image-preview:large, max-video-preview:-1" />
<link rel="canonical" href="https://www.matildevicenzi.com/es/producto/galletas-amaretti-175-g/" />
<meta property="og:locale" content="es_ES" />
<meta property="og:type" content="article" />
<meta property="og:title" content="Galletas Amaretti 175 g - Matilde Vicenzi S.p.A." />
<meta property="og:description" content="El Amaretto&nbsp;di Matilde&nbsp;en su práctico paquete de 175 g es uno de los productos más populares de la tradición pastelera italiana.&nbsp;Enriquecido con almendras sicilianas, debe su característico sabor agridulce a las semillas de albaricoque. Perfectas en cualquier momento del día, solas o acompañadas de una taza de té o café, estas galletas constituyen también un [&hellip;]" />
<meta property="og:url" content="https://www.matildevicenzi.com/es/producto/galletas-amaretti-175-g/" />
<meta property="og:site_name" content="Matilde Vicenzi S.p.A." />
<meta property="article:modified_time" content="2024-08-09T13:01:13+00:00" />
<meta property="og:image" content="https://www.matildevicenzi.com/es/wp-content/uploads/sites/17/2023/09/Amaretto-175g.png" />
	<meta property="og:image:width" content="1000" />
	<meta property="og:image:height" content="1000" />
	<meta property="og:image:type" content="image/png" />
<meta name="twitter:card" content="summary_large_image" />
<meta name="twitter:label1" content="Tiempo de lectura" />
	<meta name="twitter:data1" content="1 minuto" />
<script type="application/ld+json" class="yoast-schema-graph">{"@context":"https://schema.org","@graph":[{"@type":"WebPage","@id":"https://www.matildevicenzi.com/es/producto/galletas-amaretti-175-g/","url":"https://www.matildevicenzi.com/es/producto/galletas-amaretti-175-g/","name":"Galletas Amaretti 175 g - Matilde Vicenzi S.p.A.","isPartOf":{"@id":"https://www.matildevicenzi.com/es/#website"},"primaryImageOfPage":{"@id":"https://www.matildevicenzi.com/es/producto/galletas-amaretti-175-g/#primaryimage"},"image":{"@id":"https://www.matildevicenzi.com/es/producto/galletas-amaretti-175-g/#primaryimage"},"thumbnailUrl":"https://www.matildevicenzi.com/es/wp-content/uploads/sites/17/2023/09/Amaretto-175g.png","datePublished":"2020-10-28T08:04:17+00:00","dateModified":"2024-08-09T13:01:13+00:00","breadcrumb":{"@id":"https://www.matildevicenzi.com/es/producto/galletas-amaretti-175-g/#breadcrumb"},"inLanguage":"es","potentialAction":[{"@type":"ReadAction","target":["https://www.matildevicenzi.com/es/producto/galletas-amaretti-175-g/"]}]},{"@type":"ImageObject","inLanguage":"es","@id":"https://www.matildevicenzi.com/es/producto/galletas-amaretti-175-g/#primaryimage","url":"https://www.matildevicenzi.com/es/wp-content/uploads/sites/17/2023/09/Amaretto-175g.png","contentUrl":"https://www.matildevicenzi.com/es/wp-content/uploads/sites/17/2023/09/Amaretto-175g.png","width":1000,"height":1000},{"@type":"BreadcrumbList","@id":"https://www.matildevicenzi.com/es/producto/galletas-amaretti-175-g/#breadcrumb","itemListElement":[{"@type":"ListItem","position":1,"name":"Home","item":"https://www.matildevicenzi.com/es/"},{"@type":"ListItem","position":2,"name":"Productos","item":"https://www.matildevicenzi.com/es/blog/product/"},{"@type":"ListItem","position":3,"name":"Galletas Amaretti 175 g"}]},{"@type":"WebSite","@id":"https://www.matildevicenzi.com/es/#website","url":"https://www.matildevicenzi.com/es/","name":"Matilde Vicenzi S.p.A.","description":"Pastelería fina italiana desde 1905","publisher":{"@id":"https://www.matildevicenzi.com/es/#organization"},"potentialAction":[{"@type":"SearchAction","target":{"@type":"EntryPoint","urlTemplate":"https://www.matildevicenzi.com/es/?s={search_term_string}"},"query-input":{"@type":"PropertyValueSpecification","valueRequired":true,"valueName":"search_term_string"}}],"inLanguage":"es"},{"@type":"Organization","@id":"https://www.matildevicenzi.com/es/#organization","name":"Matilde Vicenzi S.p.A.","url":"https://www.matildevicenzi.com/es/","logo":{"@type":"ImageObject","inLanguage":"es","@id":"https://www.matildevicenzi.com/es/#/schema/logo/image/","url":"https://www.matildevicenzi.com/es/wp-content/uploads/sites/17/2023/06/matilde_logo_new.png","contentUrl":"https://www.matildevicenzi.com/es/wp-content/uploads/sites/17/2023/06/matilde_logo_new.png","width":606,"height":606,"caption":"Matilde Vicenzi S.p.A."},"image":{"@id":"https://www.matildevicenzi.com/es/#/schema/logo/image/"}}]}</script>
<!-- / Yoast SEO plugin. -->

El Amaretto&nbsp;di Matilde&nbsp;en su práctico paquete de 175 g es uno de los productos más populares de la tradición pastelera italiana.&nbsp;Enriquecido con almendras sicilianas, debe su característico sabor agridulce a las semillas de albaricoque. Perfectas en cualquier momento del día, solas o acompañadas de una taza de té o café, estas galletas constituyen también un [&hellip;]

Pastelería fina italiana desde 1905
